{"id":2804,"date":"2024-03-23T10:58:17","date_gmt":"2024-03-23T10:58:17","guid":{"rendered":"https:\/\/thepixelcurve.com\/edubin\/lp\/?post_type=product&#038;p=2804"},"modified":"2026-06-12T11:00:05","modified_gmt":"2026-06-12T09:00:05","slug":"universal-design","status":"publish","type":"product","link":"https:\/\/mcidemo.it\/tommy\/corsi\/universal-design\/","title":{"rendered":"Universal Design per un\u2019accessibilit\u00e0 trasparente"},"content":{"rendered":"<p><strong>In poche parole:<\/strong> \u00e8 l\u2019ambiente che disabilita. E chi progetta ha il potere, e la responsabilit\u00e0, di renderlo invece accessibile, accogliente, giusto.<br \/>\nQuesto corso \u00e8 un\u2019immersione nei principi dell\u2019Universal Design, per capire come lo spazio pu\u00f2 includere o escludere. L\u2019obiettivo? Dare strumenti concreti per progettare ambienti davvero accessibili, che funzionino per tutte le persone, indipendentemente da et\u00e0, condizione o abilit\u00e0.<\/p>\n<p><strong>Cosa si fa?<\/strong><br \/>\nSi parte con una sessione teorica, poi si passa al vero e proprio workshop: 2 moduli in cui scegliere uno tra tre ambiti di applicazione del progetto:<\/p>\n<ul>\n<li>Interior Design<\/li>\n<li>Product Design<\/li>\n<li>Disegno Urbano<\/li>\n<\/ul>\n<p>Ogni proposta progettuale sar\u00e0 poi analizzata e discussa con il docente attraverso il filtro dell\u2019Universal Design, evidenziando criticit\u00e0, opportunit\u00e0 e miglioramenti possibili.<\/p>\n","protected":false},"excerpt":{"rendered":"<p>\u201cLa progettazione inclusiva, altrimenti detta Design for All, migliora la qualit\u00e0 sociale: \u00e8 il design per la diversit\u00e0 umana, l\u2019inclusione sociale e l\u2019uguaglianza.\u201d<br \/>\n(Dichiarazione di Stoccolma dell\u2019EIDD, 2004)<br \/>\n\u201cLe disabilit\u00e0 sono il risultato dell\u2019interazione tra le persone [\u2026], gli ostacoli dell\u2019ambiente e i comportamenti degli altri.\u201d<br \/>\n(OMS, 2001)<\/p>\n","protected":false},"featured_media":22209,"template":"","meta":{"_acf_changed":false},"stato-corso":[138,147],"product_brand":[],"product_cat":[15],"product_tag":[],"class_list":["post-2804","product","type-product","status-publish","has-post-thumbnail","stato-corso-coming-soon","stato-corso-homepage","product_cat-architettura","first","instock","sale","featured","virtual","taxable","purchasable","product-type-simple"],"acf":[],"_links":{"self":[{"href":"https:\/\/mcidemo.it\/tommy\/wp-json\/wp\/v2\/product\/2804","targetHints":{"allow":["GET"]}}],"collection":[{"href":"https:\/\/mcidemo.it\/tommy\/wp-json\/wp\/v2\/product"}],"about":[{"href":"https:\/\/mcidemo.it\/tommy\/wp-json\/wp\/v2\/types\/product"}],"version-history":[{"count":33,"href":"https:\/\/mcidemo.it\/tommy\/wp-json\/wp\/v2\/product\/2804\/revisions"}],"predecessor-version":[{"id":22672,"href":"https:\/\/mcidemo.it\/tommy\/wp-json\/wp\/v2\/product\/2804\/revisions\/22672"}],"wp:featuredmedia":[{"embeddable":true,"href":"https:\/\/mcidemo.it\/tommy\/wp-json\/wp\/v2\/media\/22209"}],"wp:attachment":[{"href":"https:\/\/mcidemo.it\/tommy\/wp-json\/wp\/v2\/media?parent=2804"}],"wp:term":[{"taxonomy":"stato-corso","embeddable":true,"href":"https:\/\/mcidemo.it\/tommy\/wp-json\/wp\/v2\/stato-corso?post=2804"},{"taxonomy":"product_brand","embeddable":true,"href":"https:\/\/mcidemo.it\/tommy\/wp-json\/wp\/v2\/product_brand?post=2804"},{"taxonomy":"product_cat","embeddable":true,"href":"https:\/\/mcidemo.it\/tommy\/wp-json\/wp\/v2\/product_cat?post=2804"},{"taxonomy":"product_tag","embeddable":true,"href":"https:\/\/mcidemo.it\/tommy\/wp-json\/wp\/v2\/product_tag?post=2804"}],"curies":[{"name":"wp","href":"https:\/\/api.w.org\/{rel}","templated":true}]}}

Universal Design per un’accessibilità trasparente

<p><strong>In poche parole:</strong> è l’ambiente che disabilita. E chi progetta ha il potere, e la responsabilità, di renderlo invece accessibile, accogliente, giusto.<br />
Questo corso è un’immersione nei principi dell’Universal Design, per capire come lo spazio può includere o escludere. L’obiettivo? Dare strumenti concreti per progettare ambienti davvero accessibili, che funzionino per tutte le persone, indipendentemente da età, condizione o abilità.</p>
<p><strong>Cosa si fa?</strong><br />
Si parte con una sessione teorica, poi si passa al vero e proprio workshop: 2 moduli in cui scegliere uno tra tre ambiti di applicazione del progetto:</p>
<ul>
<li>Interior Design</li>
<li>Product Design</li>
<li>Disegno Urbano</li>
</ul>
<p>Ogni proposta progettuale sarà poi analizzata e discussa con il docente attraverso il filtro dell’Universal Design, evidenziando criticità, opportunità e miglioramenti possibili.</p>

<p>“La progettazione inclusiva, altrimenti detta Design for All, migliora la qualità sociale: è il design per la diversità umana, l’inclusione sociale e l’uguaglianza.”<br />
(Dichiarazione di Stoccolma dell’EIDD, 2004)<br />
“Le disabilità sono il risultato dell’interazione tra le persone […], gli ostacoli dell’ambiente e i comportamenti degli altri.”<br />
(OMS, 2001)</p>
