{"id":3411,"date":"2024-07-25T08:23:06","date_gmt":"2024-07-25T06:23:06","guid":{"rendered":"https:\/\/tecnicaer.com\/?page_id=3411"},"modified":"2025-10-28T14:14:13","modified_gmt":"2025-10-28T13:14:13","slug":"welfare-aziendale","status":"publish","type":"page","link":"https:\/\/mcidemo.it\/tecnicaer\/welfare-aziendale\/","title":{"rendered":"Welfare Aziendale"},"content":{"rendered":"\t\t<div data-elementor-type=\"wp-page\" data-elementor-id=\"3411\" class=\"elementor elementor-3411\" data-elementor-post-type=\"page\">\n\t\t\t\t<div class=\"elementor-element elementor-element-6d19a1a e-flex e-con-boxed e-con e-parent\" data-id=\"6d19a1a\" data-element_type=\"container\" data-e-type=\"container\">\n\t\t\t\t\t<div class=\"e-con-inner\">\n\t\t<div class=\"elementor-element elementor-element-3d9d57c e-con-full e-flex e-con e-child\" data-id=\"3d9d57c\" data-element_type=\"container\" data-e-type=\"container\">\n\t\t\t\t<div class=\"elementor-element elementor-element-9b92a47 elementor-widget elementor-widget-heading\" data-id=\"9b92a47\" data-element_type=\"widget\" data-e-type=\"widget\" data-widget_type=\"heading.default\">\n\t\t\t\t\t<h1 class=\"elementor-heading-title elementor-size-default\">Welfare Aziendale<\/h1>\t\t\t\t<\/div>\n\t\t\t\t<div class=\"elementor-element elementor-element-438c635 elementor-widget-divider--view-line elementor-widget elementor-widget-divider\" data-id=\"438c635\" data-element_type=\"widget\" data-e-type=\"widget\" data-widget_type=\"divider.default\">\n\t\t\t\t\t\t\t<div class=\"elementor-divider\">\n\t\t\t<span class=\"elementor-divider-separator\">\n\t\t\t\t\t\t<\/span>\n\t\t<\/div>\n\t\t\t\t\t\t<\/div>\n\t\t\t\t<div class=\"elementor-element elementor-element-4888ef2 elementor-widget elementor-widget-text-editor\" data-id=\"4888ef2\" data-element_type=\"widget\" data-e-type=\"widget\" data-widget_type=\"text-editor.default\">\n\t\t\t\t\t\t\t\t\t<p>In <strong>Tecnicaer<\/strong>, crediamo che il benessere dei nostri dipendenti sia fondamentale per il successo e la crescita della nostra azienda. Il nostro programma di welfare aziendale \u00e8 progettato per migliorare la qualit\u00e0 della vita lavorativa e personale di ogni membro del nostro team, creando un ambiente di lavoro positivo e stimolante.<\/p><p>Il nostro obiettivo \u00e8 creare un ambiente di lavoro dove ogni individuo possa sentirsi apprezzato, supportato e motivato a dare il meglio di s\u00e9. Siamo convinti che investire nel benessere dei nostri dipendenti non solo migliori la loro qualit\u00e0 di vita, ma anche la nostra capacit\u00e0 di innovare e prosperare nel mercato.<\/p><p><strong>Benvenuti nella famiglia Tecnicaer, dove il benessere dei nostri dipendenti \u00e8 al centro di tutto ci\u00f2 che facciamo.<\/strong><\/p>\t\t\t\t\t\t\t\t<\/div>\n\t\t\t\t<div class=\"elementor-element elementor-element-63b6b25 elementor-widget elementor-widget-button\" data-id=\"63b6b25\" data-element_type=\"widget\" data-e-type=\"widget\" data-widget_type=\"button.default\">\n\t\t\t\t\t\t\t\t\t\t<a class=\"elementor-button elementor-button-link elementor-size-sm\" href=\"#approccio\">\n\t\t\t\t\t\t<span class=\"elementor-button-content-wrapper\">\n\t\t\t\t\t\t\t\t\t<span class=\"elementor-button-text\">Scopri il nostro approccio<\/span>\n\t\t\t\t\t<\/span>\n\t\t\t\t\t<\/a>\n\t\t\t\t\t\t\t\t<\/div>\n\t\t\t\t<\/div>\n\t\t<div class=\"elementor-element elementor-element-bd8f978 e-con-full e-flex e-con e-child\" data-id=\"bd8f978\" data-element_type=\"container\" data-e-type=\"container\">\n\t\t\t\t<div class=\"elementor-element elementor-element-d9dc955 elementor-widget elementor-widget-image\" data-id=\"d9dc955\" data-element_type=\"widget\" data-e-type=\"widget\" data-widget_type=\"image.default\">\n\t\t\t\t\t\t\t\t\t\t\t\t\t\t\t<img fetchpriority=\"high\" decoding=\"async\" width=\"800\" height=\"800\" src=\"https:\/\/mcidemo.it\/tecnicaer\/wp-content\/uploads\/2025\/10\/tecnicaer-welfare-1024x1024.webp\" class=\"attachment-large size-large wp-image-7502\" alt=\"\" srcset=\"https:\/\/mcidemo.it\/tecnicaer\/wp-content\/uploads\/2025\/10\/tecnicaer-welfare-1024x1024.webp 1024w, https:\/\/mcidemo.it\/tecnicaer\/wp-content\/uploads\/2025\/10\/tecnicaer-welfare-300x300.webp 300w, https:\/\/mcidemo.it\/tecnicaer\/wp-content\/uploads\/2025\/10\/tecnicaer-welfare-150x150.webp 150w, https:\/\/mcidemo.it\/tecnicaer\/wp-content\/uploads\/2025\/10\/tecnicaer-welfare-768x768.webp 768w, https:\/\/mcidemo.it\/tecnicaer\/wp-content\/uploads\/2025\/10\/tecnicaer-welfare.webp 1080w\" sizes=\"(max-width: 800px) 100vw, 800px\" \/>\t\t\t\t\t\t\t\t\t\t\t\t\t\t\t<\/div>\n\t\t\t\t<\/div>\n\t\t\t\t\t<\/div>\n\t\t\t\t<\/div>\n\t\t<div class=\"elementor-element elementor-element-4cd2c15 e-flex e-con-boxed e-con e-parent\" data-id=\"4cd2c15\" data-element_type=\"container\" data-e-type=\"container\" id=\"approccio\" data-settings=\"{&quot;background_background&quot;:&quot;classic&quot;}\">\n\t\t\t\t\t<div class=\"e-con-inner\">\n\t\t\t\t<div class=\"elementor-element elementor-element-9098100 elementor-widget elementor-widget-heading\" data-id=\"9098100\" data-element_type=\"widget\" data-e-type=\"widget\" data-widget_type=\"heading.default\">\n\t\t\t\t\t<h2 class=\"elementor-heading-title elementor-size-default\">Il nostro approccio<\/h2>\t\t\t\t<\/div>\n\t\t\t\t<div class=\"elementor-element elementor-element-2ef7e30 elementor-widget-divider--view-line elementor-widget elementor-widget-divider\" data-id=\"2ef7e30\" data-element_type=\"widget\" data-e-type=\"widget\" data-widget_type=\"divider.default\">\n\t\t\t\t\t\t\t<div class=\"elementor-divider\">\n\t\t\t<span class=\"elementor-divider-separator\">\n\t\t\t\t\t\t<\/span>\n\t\t<\/div>\n\t\t\t\t\t\t<\/div>\n\t\t<div class=\"elementor-element elementor-element-6808e98 e-grid e-con-full e-con e-child\" data-id=\"6808e98\" data-element_type=\"container\" data-e-type=\"container\">\n\t\t<div class=\"elementor-element elementor-element-a97e0d0 e-con-full e-flex e-con e-child\" data-id=\"a97e0d0\" data-element_type=\"container\" data-e-type=\"container\">\n\t\t\t\t<div class=\"elementor-element elementor-element-094ac54 elementor-widget elementor-widget-heading\" data-id=\"094ac54\" data-element_type=\"widget\" data-e-type=\"widget\" data-widget_type=\"heading.default\">\n\t\t\t\t\t<h3 class=\"elementor-heading-title elementor-size-default\">Sostegno alla famiglia<\/h3>\t\t\t\t<\/div>\n\t\t\t\t<div class=\"elementor-element elementor-element-e7bce9b elementor-widget elementor-widget-text-editor\" data-id=\"e7bce9b\" data-element_type=\"widget\" data-e-type=\"widget\" data-widget_type=\"text-editor.default\">\n\t\t\t\t\t\t\t\t\t<p>Contributi per asili nido, borse di studio per i figli dei dipendenti e programmi di assistenza per anziani e disabili.<\/p>\t\t\t\t\t\t\t\t<\/div>\n\t\t\t\t<\/div>\n\t\t<div class=\"elementor-element elementor-element-de9f043 e-con-full e-flex e-con e-child\" data-id=\"de9f043\" data-element_type=\"container\" data-e-type=\"container\">\n\t\t\t\t<div class=\"elementor-element elementor-element-0b6c099 elementor-widget elementor-widget-heading\" data-id=\"0b6c099\" data-element_type=\"widget\" data-e-type=\"widget\" data-widget_type=\"heading.default\">\n\t\t\t\t\t<h3 class=\"elementor-heading-title elementor-size-default\">Equilibrio vita-lavoro<\/h3>\t\t\t\t<\/div>\n\t\t\t\t<div class=\"elementor-element elementor-element-2c65cbf elementor-widget elementor-widget-text-editor\" data-id=\"2c65cbf\" data-element_type=\"widget\" data-e-type=\"widget\" data-widget_type=\"text-editor.default\">\n\t\t\t\t\t\t\t\t\t<p>Flessibilit\u00e0 oraria, possibilit\u00e0 di smart working e giorni di permesso extra per esigenze familiari o personali.<\/p>\t\t\t\t\t\t\t\t<\/div>\n\t\t\t\t<\/div>\n\t\t<div class=\"elementor-element elementor-element-51a658b e-con-full e-flex e-con e-child\" data-id=\"51a658b\" data-element_type=\"container\" data-e-type=\"container\">\n\t\t\t\t<div class=\"elementor-element elementor-element-f6ee130 elementor-widget elementor-widget-heading\" data-id=\"f6ee130\" data-element_type=\"widget\" data-e-type=\"widget\" data-widget_type=\"heading.default\">\n\t\t\t\t\t<h3 class=\"elementor-heading-title elementor-size-default\">Benefit economici<\/h3>\t\t\t\t<\/div>\n\t\t\t\t<div class=\"elementor-element elementor-element-1109b76 elementor-widget elementor-widget-text-editor\" data-id=\"1109b76\" data-element_type=\"widget\" data-e-type=\"widget\" data-widget_type=\"text-editor.default\">\n\t\t\t\t\t\t\t\t\t<p>Bonus produttivit\u00e0, piani di risparmio aziendale e incentivi per il raggiungimento di obiettivi aziendali.<\/p>\t\t\t\t\t\t\t\t<\/div>\n\t\t\t\t<\/div>\n\t\t<div class=\"elementor-element elementor-element-eb16472 e-con-full e-flex e-con e-child\" data-id=\"eb16472\" data-element_type=\"container\" data-e-type=\"container\">\n\t\t\t\t<div class=\"elementor-element elementor-element-9dde0df elementor-widget elementor-widget-heading\" data-id=\"9dde0df\" data-element_type=\"widget\" data-e-type=\"widget\" data-widget_type=\"heading.default\">\n\t\t\t\t\t<h3 class=\"elementor-heading-title elementor-size-default\">Supporto alla salute e al benessere<\/h3>\t\t\t\t<\/div>\n\t\t\t\t<div class=\"elementor-element elementor-element-5949705 elementor-widget elementor-widget-text-editor\" data-id=\"5949705\" data-element_type=\"widget\" data-e-type=\"widget\" data-widget_type=\"text-editor.default\">\n\t\t\t\t\t\t\t\t\t<p>Accesso a programmi di salute mentale, abbonamenti a palestre, e iniziative per promuovere uno stile di vita sano.<\/p>\t\t\t\t\t\t\t\t<\/div>\n\t\t\t\t<\/div>\n\t\t<div class=\"elementor-element elementor-element-0118416 e-con-full e-flex e-con e-child\" data-id=\"0118416\" data-element_type=\"container\" data-e-type=\"container\">\n\t\t\t\t<div class=\"elementor-element elementor-element-fdc7102 elementor-widget elementor-widget-heading\" data-id=\"fdc7102\" data-element_type=\"widget\" data-e-type=\"widget\" data-widget_type=\"heading.default\">\n\t\t\t\t\t<h3 class=\"elementor-heading-title elementor-size-default\">Formazione e sviluppo<\/h3>\t\t\t\t<\/div>\n\t\t\t\t<div class=\"elementor-element elementor-element-7dad070 elementor-widget elementor-widget-text-editor\" data-id=\"7dad070\" data-element_type=\"widget\" data-e-type=\"widget\" data-widget_type=\"text-editor.default\">\n\t\t\t\t\t\t\t\t\t<p>Corsi di aggiornamento professionale, workshop e opportunit\u00e0 di crescita interna per valorizzare il talento e le competenze dei nostri dipendenti.<\/p>\t\t\t\t\t\t\t\t<\/div>\n\t\t\t\t<\/div>\n\t\t\t\t<\/div>\n\t\t\t\t\t<\/div>\n\t\t\t\t<\/div>\n\t\t<div class=\"elementor-element elementor-element-49a3ea3 e-flex e-con-boxed e-con e-parent\" data-id=\"49a3ea3\" data-element_type=\"container\" data-e-type=\"container\">\n\t\t\t\t\t<div class=\"e-con-inner\">\n\t\t\t\t<div class=\"elementor-element elementor-element-783d85d elementor-widget elementor-widget-heading\" data-id=\"783d85d\" data-element_type=\"widget\" data-e-type=\"widget\" data-widget_type=\"heading.default\">\n\t\t\t\t\t<h2 class=\"elementor-heading-title elementor-size-default\">Bonus Disponibili<\/h2>\t\t\t\t<\/div>\n\t\t\t\t<div class=\"elementor-element elementor-element-5c370ad elementor-widget-divider--view-line elementor-widget elementor-widget-divider\" data-id=\"5c370ad\" data-element_type=\"widget\" data-e-type=\"widget\" data-widget_type=\"divider.default\">\n\t\t\t\t\t\t\t<div class=\"elementor-divider\">\n\t\t\t<span class=\"elementor-divider-separator\">\n\t\t\t\t\t\t<\/span>\n\t\t<\/div>\n\t\t\t\t\t\t<\/div>\n\t\t<div class=\"elementor-element elementor-element-793814b e-grid e-con-full e-con e-child\" data-id=\"793814b\" data-element_type=\"container\" data-e-type=\"container\">\n\t\t<div class=\"elementor-element elementor-element-2e76841 e-con-full e-flex e-con e-child\" data-id=\"2e76841\" data-element_type=\"container\" data-e-type=\"container\">\n\t\t\t\t<div class=\"elementor-element elementor-element-2be2fa5 elementor-widget elementor-widget-image\" data-id=\"2be2fa5\" data-element_type=\"widget\" data-e-type=\"widget\" data-widget_type=\"image.default\">\n\t\t\t\t\t\t\t\t\t\t\t\t\t\t\t<img decoding=\"async\" width=\"500\" height=\"500\" src=\"https:\/\/mcidemo.it\/tecnicaer\/wp-content\/uploads\/2024\/08\/assicurazione-medica-2.png\" class=\"attachment-large size-large wp-image-3477\" alt=\"\" srcset=\"https:\/\/mcidemo.it\/tecnicaer\/wp-content\/uploads\/2024\/08\/assicurazione-medica-2.png 500w, https:\/\/mcidemo.it\/tecnicaer\/wp-content\/uploads\/2024\/08\/assicurazione-medica-2-300x300.png 300w, https:\/\/mcidemo.it\/tecnicaer\/wp-content\/uploads\/2024\/08\/assicurazione-medica-2-150x150.png 150w\" sizes=\"(max-width: 500px) 100vw, 500px\" \/>\t\t\t\t\t\t\t\t\t\t\t\t\t\t\t<\/div>\n\t\t\t\t<div class=\"elementor-element elementor-element-39f4aad elementor-widget__width-initial elementor-widget elementor-widget-heading\" data-id=\"39f4aad\" data-element_type=\"widget\" data-e-type=\"widget\" data-widget_type=\"heading.default\">\n\t\t\t\t\t<h3 class=\"elementor-heading-title elementor-size-default\">Assicurazione Medica<\/h3>\t\t\t\t<\/div>\n\t\t\t\t<\/div>\n\t\t<div class=\"elementor-element elementor-element-b105997 e-con-full e-flex e-con e-child\" data-id=\"b105997\" data-element_type=\"container\" data-e-type=\"container\">\n\t\t\t\t<div class=\"elementor-element elementor-element-8185e91 elementor-widget elementor-widget-image\" data-id=\"8185e91\" data-element_type=\"widget\" data-e-type=\"widget\" data-widget_type=\"image.default\">\n\t\t\t\t\t\t\t\t\t\t\t\t\t\t\t<img decoding=\"async\" width=\"500\" height=\"500\" src=\"https:\/\/mcidemo.it\/tecnicaer\/wp-content\/uploads\/2025\/10\/bonus-meritopng.webp\" class=\"attachment-large size-large wp-image-7507\" alt=\"\" srcset=\"https:\/\/mcidemo.it\/tecnicaer\/wp-content\/uploads\/2025\/10\/bonus-meritopng.webp 500w, https:\/\/mcidemo.it\/tecnicaer\/wp-content\/uploads\/2025\/10\/bonus-meritopng-300x300.webp 300w, https:\/\/mcidemo.it\/tecnicaer\/wp-content\/uploads\/2025\/10\/bonus-meritopng-150x150.webp 150w\" sizes=\"(max-width: 500px) 100vw, 500px\" \/>\t\t\t\t\t\t\t\t\t\t\t\t\t\t\t<\/div>\n\t\t\t\t<div class=\"elementor-element elementor-element-468698e elementor-widget__width-initial elementor-widget elementor-widget-heading\" data-id=\"468698e\" data-element_type=\"widget\" data-e-type=\"widget\" data-widget_type=\"heading.default\">\n\t\t\t\t\t<h3 class=\"elementor-heading-title elementor-size-default\">Bonus di merito<\/h3>\t\t\t\t<\/div>\n\t\t\t\t<\/div>\n\t\t<div class=\"elementor-element elementor-element-f081f52 e-con-full e-flex e-con e-child\" data-id=\"f081f52\" data-element_type=\"container\" data-e-type=\"container\">\n\t\t\t\t<div class=\"elementor-element elementor-element-1f0d7e6 elementor-widget elementor-widget-image\" data-id=\"1f0d7e6\" data-element_type=\"widget\" data-e-type=\"widget\" data-widget_type=\"image.default\">\n\t\t\t\t\t\t\t\t\t\t\t\t\t\t\t<img loading=\"lazy\" decoding=\"async\" width=\"500\" height=\"500\" src=\"https:\/\/mcidemo.it\/tecnicaer\/wp-content\/uploads\/2025\/10\/formazione.webp\" class=\"attachment-large size-large wp-image-7511\" alt=\"\" srcset=\"https:\/\/mcidemo.it\/tecnicaer\/wp-content\/uploads\/2025\/10\/formazione.webp 500w, https:\/\/mcidemo.it\/tecnicaer\/wp-content\/uploads\/2025\/10\/formazione-300x300.webp 300w, https:\/\/mcidemo.it\/tecnicaer\/wp-content\/uploads\/2025\/10\/formazione-150x150.webp 150w\" sizes=\"(max-width: 500px) 100vw, 500px\" \/>\t\t\t\t\t\t\t\t\t\t\t\t\t\t\t<\/div>\n\t\t\t\t<div class=\"elementor-element elementor-element-d6aa507 elementor-widget__width-initial elementor-widget elementor-widget-heading\" data-id=\"d6aa507\" data-element_type=\"widget\" data-e-type=\"widget\" data-widget_type=\"heading.default\">\n\t\t\t\t\t<h3 class=\"elementor-heading-title elementor-size-default\">Tecnicaer Academy<\/h3>\t\t\t\t<\/div>\n\t\t\t\t<\/div>\n\t\t<div class=\"elementor-element elementor-element-9d791df e-con-full e-flex e-con e-child\" data-id=\"9d791df\" data-element_type=\"container\" data-e-type=\"container\">\n\t\t\t\t<div class=\"elementor-element elementor-element-f9a5475 elementor-widget elementor-widget-image\" data-id=\"f9a5475\" data-element_type=\"widget\" data-e-type=\"widget\" data-widget_type=\"image.default\">\n\t\t\t\t\t\t\t\t\t\t\t\t\t\t\t<img loading=\"lazy\" decoding=\"async\" width=\"500\" height=\"500\" src=\"https:\/\/mcidemo.it\/tecnicaer\/wp-content\/uploads\/2025\/10\/recuiting.webp\" class=\"attachment-large size-large wp-image-7509\" alt=\"\" srcset=\"https:\/\/mcidemo.it\/tecnicaer\/wp-content\/uploads\/2025\/10\/recuiting.webp 500w, https:\/\/mcidemo.it\/tecnicaer\/wp-content\/uploads\/2025\/10\/recuiting-300x300.webp 300w, https:\/\/mcidemo.it\/tecnicaer\/wp-content\/uploads\/2025\/10\/recuiting-150x150.webp 150w\" sizes=\"(max-width: 500px) 100vw, 500px\" \/>\t\t\t\t\t\t\t\t\t\t\t\t\t\t\t<\/div>\n\t\t\t\t<div class=\"elementor-element elementor-element-79d9b83 elementor-widget__width-initial elementor-widget elementor-widget-heading\" data-id=\"79d9b83\" data-element_type=\"widget\" data-e-type=\"widget\" data-widget_type=\"heading.default\">\n\t\t\t\t\t<h3 class=\"elementor-heading-title elementor-size-default\">Recruiting Incentive<\/h3>\t\t\t\t<\/div>\n\t\t\t\t<\/div>\n\t\t<div class=\"elementor-element elementor-element-592dff7 e-con-full e-flex e-con e-child\" data-id=\"592dff7\" data-element_type=\"container\" data-e-type=\"container\">\n\t\t\t\t<div class=\"elementor-element elementor-element-b20df92 elementor-widget elementor-widget-image\" data-id=\"b20df92\" data-element_type=\"widget\" data-e-type=\"widget\" data-widget_type=\"image.default\">\n\t\t\t\t\t\t\t\t\t\t\t\t\t\t\t<img loading=\"lazy\" decoding=\"async\" width=\"500\" height=\"500\" src=\"https:\/\/mcidemo.it\/tecnicaer\/wp-content\/uploads\/2025\/10\/bebe.webp\" class=\"attachment-large size-large wp-image-7513\" alt=\"\" srcset=\"https:\/\/mcidemo.it\/tecnicaer\/wp-content\/uploads\/2025\/10\/bebe.webp 500w, https:\/\/mcidemo.it\/tecnicaer\/wp-content\/uploads\/2025\/10\/bebe-300x300.webp 300w, https:\/\/mcidemo.it\/tecnicaer\/wp-content\/uploads\/2025\/10\/bebe-150x150.webp 150w\" sizes=\"(max-width: 500px) 100vw, 500px\" \/>\t\t\t\t\t\t\t\t\t\t\t\t\t\t\t<\/div>\n\t\t\t\t<div class=\"elementor-element elementor-element-119235f elementor-widget__width-initial elementor-widget elementor-widget-heading\" data-id=\"119235f\" data-element_type=\"widget\" data-e-type=\"widget\" data-widget_type=\"heading.default\">\n\t\t\t\t\t<h3 class=\"elementor-heading-title elementor-size-default\">Bonus Beb\u00e8<\/h3>\t\t\t\t<\/div>\n\t\t\t\t<\/div>\n\t\t<div class=\"elementor-element elementor-element-dbef2e3 e-con-full e-flex e-con e-child\" data-id=\"dbef2e3\" data-element_type=\"container\" data-e-type=\"container\">\n\t\t\t\t<div class=\"elementor-element elementor-element-3d45380 elementor-widget elementor-widget-image\" data-id=\"3d45380\" data-element_type=\"widget\" data-e-type=\"widget\" data-widget_type=\"image.default\">\n\t\t\t\t\t\t\t\t\t\t\t\t\t\t\t<img loading=\"lazy\" decoding=\"async\" width=\"500\" height=\"500\" src=\"https:\/\/mcidemo.it\/tecnicaer\/wp-content\/uploads\/2025\/10\/figli-meritevoli.webp\" class=\"attachment-large size-large wp-image-7515\" alt=\"\" srcset=\"https:\/\/mcidemo.it\/tecnicaer\/wp-content\/uploads\/2025\/10\/figli-meritevoli.webp 500w, https:\/\/mcidemo.it\/tecnicaer\/wp-content\/uploads\/2025\/10\/figli-meritevoli-300x300.webp 300w, https:\/\/mcidemo.it\/tecnicaer\/wp-content\/uploads\/2025\/10\/figli-meritevoli-150x150.webp 150w\" sizes=\"(max-width: 500px) 100vw, 500px\" \/>\t\t\t\t\t\t\t\t\t\t\t\t\t\t\t<\/div>\n\t\t\t\t<div class=\"elementor-element elementor-element-33b2c9a elementor-widget__width-initial elementor-widget elementor-widget-heading\" data-id=\"33b2c9a\" data-element_type=\"widget\" data-e-type=\"widget\" data-widget_type=\"heading.default\">\n\t\t\t\t\t<h3 class=\"elementor-heading-title elementor-size-default\">Meriti Scolastici e Sportivi<\/h3>\t\t\t\t<\/div>\n\t\t\t\t<\/div>\n\t\t<div class=\"elementor-element elementor-element-80fbc71 e-con-full e-flex e-con e-child\" data-id=\"80fbc71\" data-element_type=\"container\" data-e-type=\"container\">\n\t\t\t\t<div class=\"elementor-element elementor-element-17bf1f3 elementor-widget elementor-widget-image\" data-id=\"17bf1f3\" data-element_type=\"widget\" data-e-type=\"widget\" data-widget_type=\"image.default\">\n\t\t\t\t\t\t\t\t\t\t\t\t\t\t\t<img loading=\"lazy\" decoding=\"async\" width=\"500\" height=\"500\" src=\"https:\/\/mcidemo.it\/tecnicaer\/wp-content\/uploads\/2025\/10\/mobilita-greenu.webp\" class=\"attachment-large size-large wp-image-7517\" alt=\"\" srcset=\"https:\/\/mcidemo.it\/tecnicaer\/wp-content\/uploads\/2025\/10\/mobilita-greenu.webp 500w, https:\/\/mcidemo.it\/tecnicaer\/wp-content\/uploads\/2025\/10\/mobilita-greenu-300x300.webp 300w, https:\/\/mcidemo.it\/tecnicaer\/wp-content\/uploads\/2025\/10\/mobilita-greenu-150x150.webp 150w\" sizes=\"(max-width: 500px) 100vw, 500px\" \/>\t\t\t\t\t\t\t\t\t\t\t\t\t\t\t<\/div>\n\t\t\t\t<div class=\"elementor-element elementor-element-8bf82a3 elementor-widget__width-initial elementor-widget elementor-widget-heading\" data-id=\"8bf82a3\" data-element_type=\"widget\" data-e-type=\"widget\" data-widget_type=\"heading.default\">\n\t\t\t\t\t<h3 class=\"elementor-heading-title elementor-size-default\">Incentivi Mobilit\u00e0\nUrbana Green<\/h3>\t\t\t\t<\/div>\n\t\t\t\t<\/div>\n\t\t<div class=\"elementor-element elementor-element-c64d0e5 e-con-full e-flex e-con e-child\" data-id=\"c64d0e5\" data-element_type=\"container\" data-e-type=\"container\">\n\t\t\t\t<div class=\"elementor-element elementor-element-ab74d90 elementor-widget elementor-widget-image\" data-id=\"ab74d90\" data-element_type=\"widget\" data-e-type=\"widget\" data-widget_type=\"image.default\">\n\t\t\t\t\t\t\t\t\t\t\t\t\t\t\t<img loading=\"lazy\" decoding=\"async\" width=\"500\" height=\"500\" src=\"https:\/\/mcidemo.it\/tecnicaer\/wp-content\/uploads\/2025\/10\/sport.webp\" class=\"attachment-large size-large wp-image-7519\" alt=\"\" srcset=\"https:\/\/mcidemo.it\/tecnicaer\/wp-content\/uploads\/2025\/10\/sport.webp 500w, https:\/\/mcidemo.it\/tecnicaer\/wp-content\/uploads\/2025\/10\/sport-300x300.webp 300w, https:\/\/mcidemo.it\/tecnicaer\/wp-content\/uploads\/2025\/10\/sport-150x150.webp 150w\" sizes=\"(max-width: 500px) 100vw, 500px\" \/>\t\t\t\t\t\t\t\t\t\t\t\t\t\t\t<\/div>\n\t\t\t\t<div class=\"elementor-element elementor-element-fc45d72 elementor-widget__width-initial elementor-widget elementor-widget-heading\" data-id=\"fc45d72\" data-element_type=\"widget\" data-e-type=\"widget\" data-widget_type=\"heading.default\">\n\t\t\t\t\t<h3 class=\"elementor-heading-title elementor-size-default\">Sport<\/h3>\t\t\t\t<\/div>\n\t\t\t\t<\/div>\n\t\t<div class=\"elementor-element elementor-element-e3ab9f2 e-con-full e-flex e-con e-child\" data-id=\"e3ab9f2\" data-element_type=\"container\" data-e-type=\"container\">\n\t\t\t\t<div class=\"elementor-element elementor-element-66ba457 elementor-widget elementor-widget-image\" data-id=\"66ba457\" data-element_type=\"widget\" data-e-type=\"widget\" data-widget_type=\"image.default\">\n\t\t\t\t\t\t\t\t\t\t\t\t\t\t\t<img loading=\"lazy\" decoding=\"async\" width=\"500\" height=\"500\" src=\"https:\/\/mcidemo.it\/tecnicaer\/wp-content\/uploads\/2025\/10\/pranzo.webp\" class=\"attachment-large size-large wp-image-7521\" alt=\"\" srcset=\"https:\/\/mcidemo.it\/tecnicaer\/wp-content\/uploads\/2025\/10\/pranzo.webp 500w, https:\/\/mcidemo.it\/tecnicaer\/wp-content\/uploads\/2025\/10\/pranzo-300x300.webp 300w, https:\/\/mcidemo.it\/tecnicaer\/wp-content\/uploads\/2025\/10\/pranzo-150x150.webp 150w\" sizes=\"(max-width: 500px) 100vw, 500px\" \/>\t\t\t\t\t\t\t\t\t\t\t\t\t\t\t<\/div>\n\t\t\t\t<div class=\"elementor-element elementor-element-a1b5924 elementor-widget__width-initial elementor-widget elementor-widget-heading\" data-id=\"a1b5924\" data-element_type=\"widget\" data-e-type=\"widget\" data-widget_type=\"heading.default\">\n\t\t\t\t\t<h3 class=\"elementor-heading-title elementor-size-default\">Il Pranzo!<\/h3>\t\t\t\t<\/div>\n\t\t\t\t<\/div>\n\t\t\t\t<\/div>\n\t\t\t\t\t<\/div>\n\t\t\t\t<\/div>\n\t\t\t\t<\/div>\n\t\t","protected":false},"excerpt":{"rendered":"<p>Welfare Aziendale In Tecnicaer, crediamo che il benessere dei nostri dipendenti sia fondamentale per il successo e la crescita della nostra azienda. Il nostro programma di welfare aziendale \u00e8 progettato per migliorare la qualit\u00e0 della vita lavorativa e personale di ogni membro del nostro team, creando un ambiente di lavoro positivo e stimolante. Il nostro [&hellip;]<\/p>\n","protected":false},"author":1,"featured_media":0,"parent":0,"menu_order":66,"comment_status":"closed","ping_status":"closed","template":"","meta":{"_acf_changed":false,"footnotes":""},"class_list":["post-3411","page","type-page","status-publish","hentry"],"acf":[],"_links":{"self":[{"href":"https:\/\/mcidemo.it\/tecnicaer\/wp-json\/wp\/v2\/pages\/3411","targetHints":{"allow":["GET"]}}],"collection":[{"href":"https:\/\/mcidemo.it\/tecnicaer\/wp-json\/wp\/v2\/pages"}],"about":[{"href":"https:\/\/mcidemo.it\/tecnicaer\/wp-json\/wp\/v2\/types\/page"}],"author":[{"embeddable":true,"href":"https:\/\/mcidemo.it\/tecnicaer\/wp-json\/wp\/v2\/users\/1"}],"replies":[{"embeddable":true,"href":"https:\/\/mcidemo.it\/tecnicaer\/wp-json\/wp\/v2\/comments?post=3411"}],"version-history":[{"count":10,"href":"https:\/\/mcidemo.it\/tecnicaer\/wp-json\/wp\/v2\/pages\/3411\/revisions"}],"predecessor-version":[{"id":7528,"href":"https:\/\/mcidemo.it\/tecnicaer\/wp-json\/wp\/v2\/pages\/3411\/revisions\/7528"}],"wp:attachment":[{"href":"https:\/\/mcidemo.it\/tecnicaer\/wp-json\/wp\/v2\/media?parent=3411"}],"curies":[{"name":"wp","href":"https:\/\/api.w.org\/{rel}","templated":true}]}}