{"id":3,"date":"2025-12-12T09:50:42","date_gmt":"2025-12-12T08:50:42","guid":{"rendered":"https:\/\/mcidemo.it\/piw\/?page_id=3"},"modified":"2026-03-06T16:53:57","modified_gmt":"2026-03-06T15:53:57","slug":"privacy-policy","status":"publish","type":"page","link":"https:\/\/mcidemo.it\/piw\/privacy-policy\/","title":{"rendered":"Privacy Policy"},"content":{"rendered":"\t\t<div data-elementor-type=\"wp-page\" data-elementor-id=\"3\" class=\"elementor elementor-3\" data-elementor-post-type=\"page\">\n\t\t\t\t<div class=\"elementor-element elementor-element-91d54c5 e-flex e-con-boxed e-con e-parent\" data-id=\"91d54c5\" data-element_type=\"container\" data-e-type=\"container\" data-settings=\"{&quot;background_background&quot;:&quot;classic&quot;,&quot;shape_divider_bottom&quot;:&quot;tilt&quot;}\">\n\t\t\t\t\t<div class=\"e-con-inner\">\n\t\t\t\t<div class=\"elementor-shape elementor-shape-bottom\" aria-hidden=\"true\" data-negative=\"false\">\n\t\t\t<svg xmlns=\"http:\/\/www.w3.org\/2000\/svg\" viewBox=\"0 0 1000 100\" preserveAspectRatio=\"none\">\n\t<path class=\"elementor-shape-fill\" d=\"M0,6V0h1000v100L0,6z\"\/>\n<\/svg>\t\t<\/div>\n\t\t<div class=\"elementor-element elementor-element-c4bfe0d e-con-full e-flex e-con e-child\" data-id=\"c4bfe0d\" data-element_type=\"container\" data-e-type=\"container\">\n\t\t<div class=\"elementor-element elementor-element-47a12e1 e-con-full e-flex e-con e-child\" data-id=\"47a12e1\" data-element_type=\"container\" data-e-type=\"container\">\n\t\t<div class=\"elementor-element elementor-element-67b30e5 e-con-full e-flex e-con e-child\" data-id=\"67b30e5\" data-element_type=\"container\" data-e-type=\"container\">\n\t\t<div class=\"elementor-element elementor-element-5b40cd8 e-con-full e-flex e-con e-child\" data-id=\"5b40cd8\" data-element_type=\"container\" data-e-type=\"container\">\n\t\t\t\t<div class=\"elementor-element elementor-element-799abf0 elementor-widget elementor-widget-image\" data-id=\"799abf0\" data-element_type=\"widget\" data-e-type=\"widget\" data-widget_type=\"image.default\">\n\t\t\t\t\t\t\t\t\t\t\t\t\t\t\t\t<a href=\"https:\/\/mcidemo.it\/piw\">\n\t\t\t\t\t\t\t<img fetchpriority=\"high\" decoding=\"async\" width=\"479\" height=\"479\" src=\"https:\/\/mcidemo.it\/piw\/wp-content\/uploads\/2026\/02\/logo_simbolo_PIW.png\" class=\"attachment-large size-large wp-image-2590\" alt=\"\" srcset=\"https:\/\/mcidemo.it\/piw\/wp-content\/uploads\/2026\/02\/logo_simbolo_PIW.png 479w, https:\/\/mcidemo.it\/piw\/wp-content\/uploads\/2026\/02\/logo_simbolo_PIW-300x300.png 300w, https:\/\/mcidemo.it\/piw\/wp-content\/uploads\/2026\/02\/logo_simbolo_PIW-150x150.png 150w\" sizes=\"(max-width: 479px) 100vw, 479px\" \/>\t\t\t\t\t\t\t\t<\/a>\n\t\t\t\t\t\t\t\t\t\t\t\t\t\t\t<\/div>\n\t\t\t\t<\/div>\n\t\t<div class=\"elementor-element elementor-element-94bcfae e-con-full e-flex e-con e-child\" data-id=\"94bcfae\" data-element_type=\"container\" data-e-type=\"container\">\n\t\t\t\t<\/div>\n\t\t\t\t<\/div>\n\t\t<div class=\"elementor-element elementor-element-bfd569b e-con-full e-flex e-con e-child\" data-id=\"bfd569b\" data-element_type=\"container\" data-e-type=\"container\" data-settings=\"{&quot;position&quot;:&quot;absolute&quot;}\">\n\t\t\t\t<div class=\"elementor-element elementor-element-0e84be7 elementor-widget elementor-widget-html\" data-id=\"0e84be7\" data-element_type=\"widget\" data-e-type=\"widget\" data-widget_type=\"html.default\">\n\t\t\t\t\t<a class=\"glass-lang-toggle\"\n   href=\"#\"\n   data-icon-it=\"https:\/\/mcidemo.it\/piw\/wp-content\/uploads\/2026\/02\/it_flag.png\"\n   data-icon-en=\"https:\/\/mcidemo.it\/piw\/wp-content\/uploads\/2026\/02\/uk_flag.png\"\n   aria-label=\"Switch language\">\n\n  <img decoding=\"async\" class=\"glass-lang-toggle__icon\"\n       src=\"https:\/\/mcidemo.it\/piw\/wp-content\/uploads\/2026\/02\/uk_flag.png\"\n       alt=\"\" \/>\n\n  <span class=\"glass-lang-toggle__label\">Passa a Italiano<\/span>\n<\/a>\t\t\t\t<\/div>\n\t\t\t\t<div class=\"elementor-element elementor-element-eeaedeb elementor-widget elementor-widget-html\" data-id=\"eeaedeb\" data-element_type=\"widget\" data-e-type=\"widget\" data-widget_type=\"html.default\">\n\t\t\t\t\t<script>\n(function () {\n  const ORIGIN  = window.location.origin;\n  const BASE_IT = '\/piw';\n  const BASE_EN = '\/piw\/en';\n\n  const htmlLang = (document.documentElement.getAttribute('lang') || '').toLowerCase();\n  const lang = htmlLang.startsWith('en') ? 'en' : 'it';\n\n  const toggle = document.querySelector('.glass-lang-toggle');\n  if (!toggle) return;\n\n  const target = (lang === 'en') ? 'it' : 'en';\n\n  \/\/ HREF: prova WPML hreflang\n  const alt = document.querySelector(`link[rel=\"alternate\"][hreflang^=\"${target}\"]`);\n  let href = alt ? (alt.getAttribute('href') || '') : '';\n\n  \/\/ fallback: swap base path\n  if (!href) {\n    const p = window.location.pathname;\n    if (target === 'en') {\n      href = ORIGIN + (p.startsWith(BASE_EN) ? p : p.replace(BASE_IT, BASE_EN));\n    } else {\n      href = ORIGIN + (p.startsWith(BASE_IT) ? p : p.replace(BASE_EN, BASE_IT));\n    }\n  }\n  toggle.href = href;\n\n  \/\/ ICONA: mostra bandiera del target\n  const icon = toggle.querySelector('.glass-lang-toggle__icon');\n  if (icon) {\n    const src = toggle.getAttribute(target === 'en' ? 'data-icon-en' : 'data-icon-it');\n    if (src) icon.src = src;\n  }\n\n  \/\/ LABEL: testo del target\n  const text = (target === 'en') ? 'Switch to English' : 'Passa a Italiano';\n\n  const label = toggle.querySelector('.glass-lang-toggle__label');\n  if (label) label.textContent = text;\n\n  toggle.setAttribute('aria-label', text);\n})();\n<\/script>\t\t\t\t<\/div>\n\t\t\t\t<\/div>\n\t\t\t\t<\/div>\n\t\t\t\t<\/div>\n\t\t\t\t\t<\/div>\n\t\t\t\t<\/div>\n\t\t<div class=\"elementor-element elementor-element-2c6b5b09 e-flex e-con-boxed e-con e-parent\" data-id=\"2c6b5b09\" data-element_type=\"container\" data-e-type=\"container\">\n\t\t\t\t\t<div class=\"e-con-inner\">\n\t\t\t\t<div class=\"elementor-element elementor-element-5f90306 elementor-widget elementor-widget-text-editor\" data-id=\"5f90306\" data-element_type=\"widget\" data-e-type=\"widget\" data-widget_type=\"text-editor.default\">\n\t\t\t\t\t\t\t\t\t<h2><strong>Informativa sul trattamento dei dati personali<\/strong><\/h2><p>Questa pagina descrive le modalit\u00e0 di trattamento dei dati personali degli utenti che consultano il sito istituzionale (&#8220;www.pv.camcom.gov.it&#8221;) della Camera di commercio di Pavia. La Camera di commercio di Pavia garantisce che il trattamento dei dati personali si svolga nel rispetto dei diritti, delle libert\u00e0 fondamentali nonch\u00e9 della dignit\u00e0 degli interessati, con particolare riferimento alla riservatezza, all&#8217;identit\u00e0 personale e al diritto alla protezione dei dati personali. Il trattamento dei dati personali \u00e8 improntato a liceit\u00e0 e correttezza, nella piena tutela dei diritti e della riservatezza degli interessati.<\/p><p>L&#8217;informativa contenuta nella presente pagina \u00e8 valida solamente per il sito web della Camera di commercio di Pavia e non anche per altri siti web eventualmente consultabili tramite collegamento ipertestuale, di cui la Camera non \u00e8 in alcun modo responsabile. Informative di dettaglio in relazione a specifici servizi offerti potranno essere rese su pagine del sito web all&#8217;interno dei differenti canali di accesso.<\/p><h2><strong>TITOLARE DEL TRATTAMENTO<\/strong><\/h2><p>Il titolare del trattamento dei dati \u00e8 la Camera di commercio di Pavia, con sede in via Mentana 27 \u2013 27100 Pavia. Per quanto riguarda i dati trattati con sistemi informatici tramite il sito istituzionale, la Camera di Commercio di Pavia ha nominato in qualit\u00e0 di Responsabile Digicamere s.c.a.r.l., con sede in Milano \u2013 Via Viserba n. 20.<\/p><p>Infocamere con sede Roma \u2013 Via G.B Morgagni n. 13 \u00e8 nominata Responsabile del trattamento dei dati effettuati tramite i propri applicativi.<\/p><h2><strong>RESPONSABILE DELLA PROTEZIONE DEI DATI (RPD)<\/strong><\/h2><p>Presso l&#8217;ente opera il Responsabile della protezione dei dati, designato ai sensi dell&#8217;art. 37 del Regolamento UE 2016\/679 in materia di protezione dei dati personali, contattabile all&#8217;indirizzo di posta elettronica\u00a0<a href=\"mailto:dpo@lom.camcom.it\">dpo@lom.camcom.it<\/a><\/p><h2><strong>TIPI DI DATI TRATTATI E FINALIT\u00c0 DEL TRATTAMENTO<\/strong><\/h2><p>Attraverso il presente sito web vengono effettuate diverse tipologie di raccolta dati:<\/p><ol><li>raccolta necessaria e automatica dei dati del navigatore per l&#8217;interazione con il sito web;<\/li><li>raccolta e trattamento dei dati degli interessati per lo svolgimento dell&#8217;attivit\u00e0 istituzionale o promozionale &#8211; previa espressione del consenso &#8211; come l&#8217;organizzazione di eventi, corsi di formazione o seminari (anche in collaborazione con soggetti esterni, quali l&#8217;azienda speciale della Camera di commercio);<\/li><li>trattamento correlato alla raccolta di dati immessi volontariamente dal navigatore tramite registrazione ai servizi on line, attraverso la compilazione di moduli elettronici nel sito web, predisposti all\u2019interno delle pagine del sito, ovvero attraverso l&#8217;invio di messaggi elettronici agli indirizzi forniti per contattare la Camera di Commercio di Pavia, ovvero per dare riscontro alle richieste di informazioni degli interessati;<\/li><li>iscrizione &#8211; previa espressione del consenso &#8211; ai servizi di newsletter o di invio di comunicazioni istituzionali o promozionali sulle novit\u00e0, attivit\u00e0 e iniziative della Camera di commercio, e della sua Azienda Speciale, mediante sistemi automatici di condivisione, elaborazione e scambio di informazioni. In questo ultimo caso l\u2019Azienda Speciale operer\u00e0 in qualit\u00e0 di titolare autonomo del trattamento.<\/li><\/ol><h2><strong>MODALIT\u00c0 DEL TRATTAMENTO<\/strong><\/h2><p>I dati personali dell&#8217;interessato saranno trattati con procedure automatizzate e manuali, comprensive di profilazione, solo per gli scopi per i quali sono raccolti, garantendone la sicurezza e la riservatezza. Eventuali rilevazioni statistiche della navigazione degli utenti all&#8217;interno del sito verranno effettuate in forma assolutamente anonima e per la sola finalit\u00e0 di miglioramento del sito e dei servizi offerti dalla Camera di commercio.<\/p><h2><strong>DATI DI NAVIGAZIONE<\/strong><\/h2><p>I sistemi informatici e le procedure software preposte al funzionamento di questo sito acquisiscono, nel corso del loro normale esercizio, alcuni dati personali la cui trasmissione \u00e8 implicita nell&#8217;uso dei protocolli di comunicazione di internet. In questa categoria di dati rientrano gli indirizzi IP o i nomi a dominio dei computer e dei terminali utilizzati dagli utenti, gli indirizzi in notazione URI\/URL delle risorse richieste, l&#8217;orario della richiesta, il metodo utilizzato nel sottoporre la richiesta al server, la dimensione del file ottenuto in risposta, il codice numerico indicante lo stato della risposta data dal server (buon fine, errore, ecc.) e altri parametri relativi al sistema operativo e all&#8217;ambiente informatico dell&#8217;utente. Si tratta di informazioni che non sono raccolte per essere associate ad interessati identificati, ma che per loro stessa natura potrebbero, attraverso elaborazioni ed associazioni con dati detenuti da terzi permettere l\u2019identificazione degli utenti. Questi dati, necessari per la fruizione dei servizi web, vengono utilizzati al solo fine di ricavare informazioni statistiche anonime sull&#8217;uso del sito e per controllarne il corretto funzionamento. Essi possono inoltre essere utilizzati per l&#8217;accertamento di responsabilit\u00e0 in caso di ipotetici reati informatici ai danni del sito, conformemente alle procedure vigenti presso le Autorit\u00e0 competenti.<\/p><p>Ad eccezione dei dati di naviagazione che non vengono conservarti oltre una settimana dalla raccolta,\u00a0in accordo con l&#8217;art. 5, comma 1, lettera e) del Regolamento UE n. 679\/2016, i dati verranno trattati per tutta la durata di esecuzione dei servizi richiesti e verranno conservati per i dodici mesi successivi ai fini dell&#8217;espletamento delle attivit\u00e0 amministrative, oltre che ai tempi necessari all&#8217;adempimento degli obblighi di legge.<\/p><h2><strong>DATI COMUNICATI VOLONTARIAMENTE DALL&#8217;UTENTE<\/strong><\/h2><p>L&#8217;invio facoltativo, esplicito e volontario di messaggi agli indirizzi di contatto della Camera di commercio, nonch\u00e9 la compilazione degli appositi moduli elettronici nel sito web della Camera di commercio, comportano l&#8217;acquisizione dei dati di contatto del mittente, necessari a rispondere, nonch\u00e9 di tutti i dati personali inclusi nelle comunicazioni. Il conferimento dei dati per l&#8217;iscrizione ai servizi online \u00e8 di carattere volontario; il mancato conferimento comporter\u00e0 l&#8217;impossibilit\u00e0 di procedere con l&#8217;erogazione dei servizi online.<\/p><p>L&#8217;iscrizione ai servizi di newsletter viene cancellata a seguito di richiesta dell&#8217;interessato. L&#8217;invio di ulteriori comunicazioni da parte della Camera di commercio di Pavia pu\u00f2 essere revocato. La procedura di iscrizione ai servizi non deve essere utilizzata con dati personali altrui. \u00c8 espressamente vietata qualsiasi forma di violazione della riservatezza esercitata a danno di terzi.<\/p><h2><strong>COMUNICAZIONE E DIFFUSIONE<\/strong><\/h2><p>I dati conferiti tramite iscrizione ai servizi online possono essere comunicati e divulgati per le finalit\u00e0 di gestione degli adempimenti contabili e amministrativi a personale autorizzato dalla Camera di commercio, nonch\u00e9 della sua Azienda Speciale.<\/p><p>I dati personali forniti spontaneamente dagli utenti che inoltrano richieste di informazione e di invio di materiale informativo, candidature o proposte di varia natura sono utilizzati al solo fine di eseguire la prestazione o il servizio richiesto e riscontrare il messaggio.<\/p><p>Possono essere comunicati a terzi solo nel caso in cui ci\u00f2 sia a tal fine necessario e previa informativa dell&#8217;Interessato.<\/p><h2><strong>PERIODO DI CONSERVAZIONE<\/strong><\/h2><p>I dati verranno conservati in coerenza con lo scopo per il quale sono stati conferiti e comunque per il periodo strettamente necessario al perseguimento delle finalit\u00e0 per cui \u00e8 avvenuto il conferimento e non oltre quanto indicato nel Registro dei trattamenti della Camera di commercio di Pavia.<\/p><h2>\u00a0<\/h2><h2><strong>DIRITTI DEGLI INTERESSATI E FORME DI TUTELA<\/strong><\/h2><p>I soggetti cui si riferiscono i dati personali, ai sensi dell&#8217;art. 12 e seguenti del Regolamento (UE) 2016\/679, hanno il diritto in qualunque momento di accedere ai propri dati personali, di chiederne la rettifica, l&#8217;aggiornamento o la cancellazione degli stessi se incompleti, erronei o raccolti in violazione di legge. Hanno, inoltre, il diritto di chiedere la limitazione del trattamento che li riguarda, la trasformazione in forma anonima, nonch\u00e9 di opporsi in ogni caso, per motivi legittimi, al loro trattamento e di revocare il consenso al trattamento precedentemente espresso. I soggetti interessati hanno inoltre il diritto di proporre segnalazione, reclamo e ricorso all&#8217;Autorit\u00e0 Garante per la Protezione dei Dati Personali, secondo le modalit\u00e0 previste dall&#8217;Autorit\u00e0 stessa.<\/p><p>Per l\u2019esercizio dei diritti \u00e8 possibile rivolgersi al Titolare del trattamento: indicare indirizzo PEC<\/p><h2><strong>POLITICA COOKIE<\/strong><\/h2><p>La presente politica sui cookie costituisce ulteriore specificazione della politica di riservatezza e ha quale finalit\u00e0 quella di descrivere le varie tipologie di cookies e le tecnologie usate sul sito web della Camera di commercio per illustrare le modalit\u00e0 e le condizioni di utilizzo degli stessi.<\/p><p>Questo sito utilizza cookies di sessione propri e di terze parti (es.: Google Analytics, servizio di analisi del traffico web. \u00c8 comunque possibile disattivare l&#8217;azione di Google Analytics installando sul proprio browser la\u00a0<a title=\"collegamento esterno\" href=\"https:\/\/tools.google.com\/dlpage\/gaoptout\">componente di opt-out fornita da Google<\/a>). Pur avendo le medesime caratteristiche tecniche, si distinguono in diverse tipologie di cookies sulla base delle finalit\u00e0 perseguite. Per maggiori informazioni su propriet\u00e0 e utilizzo dei cookies potete consultare\u00a0<a title=\"collegamento esterno\" href=\"https:\/\/it.wikipedia.org\/wiki\/Cookie\">Wikipedia<\/a>. Il sito della Camera di commercio di Pavia \u00a0non utilizza cookies di profilazione. Questi pertanto non formeranno oggetto del presente documento. \u00c8 possibile negare il consenso all&#8217;utilizzo dei cookie selezionando l&#8217;impostazione appropriata sul proprio browser: la navigazione non autenticata sul sito della Camera di commercio sar\u00e0 comunque disponibile in tutte le sue funzionalit\u00e0.<\/p><p><strong>Cancellazione dei cookie gi\u00e0 memorizzati sul terminale<\/strong><\/p><p>\u00c8 possibile cancellare i cookies presenti nei browser di navigazione accedendo alle impostazioni degli stessi (opzione &#8220;<em>Cancella dati di navigazione<\/em>&#8220;).<\/p><h2>\u00a0<\/h2><h2><strong>PLUG-IN DI RETI SOCIALI<\/strong><\/h2><p>Il sito della Camera di commercio di Pavia \u00e8 integrato con alcuni plug-in di reti sociali, in particolare Facebook, Twitter, per consentire agli utenti di condividere pubblicamente i contenuti del portale che trovano interessanti. Quando l&#8217;utente visita una pagina del sito, i plug-in presenti stabiliscono una connessione diretta tra il browser dell&#8217;utente e reti sociali. Tramite questa connessione le reti sociali acquisiscono alcune informazioni relative all&#8217;utente, come ad esempio indirizzo IP, data e ora della visita, browser utilizzato, ecc. Inoltre, se l&#8217;utente \u00e8 connesso (e quindi autenticato) su uno di queste reti sociali, le informazioni raccolte possono essere collegate al proprio profilo. La Camera di commercio di Pavia, invece, non rileva nessuna delle informazioni che vengono trasmesse alla rete sociale tramite il plug-in.<\/p><p><strong>Normativa<\/strong><\/p><ul><li><a href=\"http:\/\/www.bg.camcom.gov.it\/risorse\/normativa\/regolamento-GDPR\">Regolamento (UE) n. 679\/2016<\/a><\/li><\/ul><p><a href=\"https:\/\/pv.camcom.it\/files\/FormazioneOrientamento\/2025\/INFORMATIVA%20PRIVACY_ATTIVITA'%20FORMATIVA_4_25.pdf\"><strong>INFORMATIVA PRIVACY ATTIVIT\u00e0 FORMATIVA &#8211; agg 2025<\/strong><\/a>\u00a0(pdf 22 kb)<\/p><p><a href=\"https:\/\/pv.camcom.it\/files\/FiereMostre\/2024\/INFORMATIVA%20Iscrizione%20on%20line%20Webinar%20CCIAA.pdf\"><strong>INFORMATIVA PRIVACY ISCRIZIONE A CORSI E WEBINAR (PDF 360\u00a0KB)<\/strong><\/a><\/p><p><strong>I<a href=\"https:\/\/pv.camcom.it\/files\/Privacy_diritto_accesso\/INFORMATIVA%20PRIVACY_ATTIVITA'%20FORMATIVA_rev_partner.pdf\">NFORMATIVA PRIVACY ATTIVITA&#8217; FORMATIVE IN PARTNERSHIP cr-mn-pv (PDF 58 KB)<\/a><\/strong><\/p><p><a href=\"https:\/\/pv.camcom.it\/files\/Cookie_policy\/Privacy%20Svizzera.pdf\"><strong>INFORMATIVA PROIVACY PROGETTO SVIZZERA (PDF 29 KB)<\/strong><\/a><\/p><p><strong><a href=\"https:\/\/pv.camcom.it\/files\/Paviasviluppo\/INFORMATIVA%20PRIVACY_ASSISTENZA%20PERSONALIZZATA_5_19.pdf\">Informativa privacy assistenza personalizzata<\/a>\u00a0<\/strong>(PDF 115 kb)<\/p><p><a href=\"https:\/\/pv.camcom.it\/files\/Privacy_diritto_accesso\/PrivacyCopyright.pdf\">Informativa seminario\u00a0IL CERTIFICATO ELETTRONICO E LA TUTELA DEL COPYRIGHT<\/a><\/p><p><a href=\"https:\/\/pv.camcom.it\/files\/Privacy_diritto_accesso\/Informativa%20privacy%20Seminario%20Mediazione.pdf\">INFORMATIVA IN MATERIA DI TRATTAMENTO DEI DATI PERSONALI in relazione all\u2019iscrizione e alla partecipazione al seminario \u201cLA MEDIAZIONE CIVILE E COMMERCIALE DOPO LA RIFORMA CARTABIA\u201d del 12 dicembre 2023<\/a><\/p><p><a href=\"https:\/\/pv.camcom.it\/files\/Privacy_diritto_accesso\/2024\/Informativa%20Premiazione%20Imprese%20Storiche%2024.pdf\">Informativa Premiazione Imprese Storiche 2024<\/a><\/p><p><a href=\"https:\/\/pv.camcom.it\/files\/Privacy_diritto_accesso\/2024\/Informativa%20Incontro%20Assessore%2012_06_2024.pdf\">Informativa Incontro Assessore 12.06.2024<\/a><\/p><p><a href=\"https:\/\/pv.camcom.it\/files\/Privacy_diritto_accesso\/2024\/PrivacyGDE2024.pdf\">Informativa privacy GDE 2024<\/a><\/p><p><a href=\"https:\/\/pv.camcom.it\/files\/Privacy_diritto_accesso\/2024\/Informativa%20WEBINAR%20Servizio%20Regolazione%20Mercato.pdf\">Informativa privacy metrico 27.09.2024<\/a><\/p><p><a href=\"https:\/\/pv.camcom.it\/files\/Privacy_diritto_accesso\/2024\/Informativa%20privacy%20Seminario%20Servizio%20Primo%20Orientamento.pdf\">Informativa Seminario 11.11.2024<\/a><\/p>\t\t\t\t\t\t\t\t<\/div>\n\t\t\t\t\t<\/div>\n\t\t\t\t<\/div>\n\t\t\t\t<\/div>\n\t\t","protected":false},"excerpt":{"rendered":"<p>Passa a Italiano Informativa sul trattamento dei dati personali Questa pagina descrive le modalit\u00e0 di trattamento dei dati personali degli utenti che consultano il sito istituzionale (&#8220;www.pv.camcom.gov.it&#8221;) della Camera di commercio di Pavia. La Camera di commercio di Pavia garantisce che il trattamento dei dati personali si svolga nel rispetto dei diritti, delle libert\u00e0 fondamentali [&hellip;]<\/p>\n","protected":false},"author":1,"featured_media":0,"parent":0,"menu_order":0,"comment_status":"closed","ping_status":"open","template":"","meta":{"_acf_changed":false,"footnotes":""},"class_list":["post-3","page","type-page","status-publish","hentry"],"acf":[],"_links":{"self":[{"href":"https:\/\/mcidemo.it\/piw\/wp-json\/wp\/v2\/pages\/3","targetHints":{"allow":["GET"]}}],"collection":[{"href":"https:\/\/mcidemo.it\/piw\/wp-json\/wp\/v2\/pages"}],"about":[{"href":"https:\/\/mcidemo.it\/piw\/wp-json\/wp\/v2\/types\/page"}],"author":[{"embeddable":true,"href":"https:\/\/mcidemo.it\/piw\/wp-json\/wp\/v2\/users\/1"}],"replies":[{"embeddable":true,"href":"https:\/\/mcidemo.it\/piw\/wp-json\/wp\/v2\/comments?post=3"}],"version-history":[{"count":15,"href":"https:\/\/mcidemo.it\/piw\/wp-json\/wp\/v2\/pages\/3\/revisions"}],"predecessor-version":[{"id":2821,"href":"https:\/\/mcidemo.it\/piw\/wp-json\/wp\/v2\/pages\/3\/revisions\/2821"}],"wp:attachment":[{"href":"https:\/\/mcidemo.it\/piw\/wp-json\/wp\/v2\/media?parent=3"}],"curies":[{"name":"wp","href":"https:\/\/api.w.org\/{rel}","templated":true}]}}