{"id":88825,"date":"2021-03-19T11:24:19","date_gmt":"2021-03-19T10:24:19","guid":{"rendered":"https:\/\/undsgn.com\/uncode\/?page_id=88825"},"modified":"2026-05-08T13:09:35","modified_gmt":"2026-05-08T11:09:35","slug":"chi-siamo","status":"publish","type":"page","link":"https:\/\/mcidemo.it\/pellegatta\/chi-siamo\/","title":{"rendered":"Chi Siamo"},"content":{"rendered":"<div class=\"wpb-content-wrapper\"><p>[vc_row row_height_percent=&#8221;0&#8243; override_padding=&#8221;yes&#8221; h_padding=&#8221;2&#8243; top_padding=&#8221;2&#8243; bottom_padding=&#8221;2&#8243; back_color=&#8221;color-xsdn&#8221; overlay_alpha=&#8221;50&#8243; gutter_size=&#8221;4&#8243; column_width_percent=&#8221;100&#8243; shift_y=&#8221;0&#8243; z_index=&#8221;0&#8243; content_parallax=&#8221;0&#8243; uncode_shortcode_id=&#8221;121413&#8243; back_color_type=&#8221;uncode-palette&#8221; el_id=&#8221;storia&#8221;][vc_column column_width_percent=&#8221;100&#8243; gutter_size=&#8221;1&#8243; overlay_alpha=&#8221;50&#8243; shift_x=&#8221;0&#8243; shift_y=&#8221;0&#8243; shift_y_down=&#8221;0&#8243; z_index=&#8221;0&#8243; medium_visibility=&#8221;yes&#8221; medium_width=&#8221;0&#8243; mobile_visibility=&#8221;yes&#8221; mobile_width=&#8221;0&#8243; width=&#8221;1\/1&#8243; uncode_shortcode_id=&#8221;147936&#8243;][vc_custom_heading text_color=&#8221;accent&#8221; heading_semantic=&#8221;h5&#8243; text_font=&#8221;font-613363&#8243; text_size=&#8221;fontsize-160000&#8243; text_transform=&#8221;uppercase&#8221; text_space=&#8221;fontspace-135905&#8243; uncode_shortcode_id=&#8221;171716&#8243; text_color_type=&#8221;uncode-palette&#8221;]Pellegatta ieri, oggi e domani&#8230;[\/vc_custom_heading][vc_custom_heading heading_semantic=&#8221;h1&#8243; text_font=&#8221;font-175345&#8243; text_size=&#8221;h1&#8243; text_weight=&#8221;400&#8243; text_height=&#8221;fontheight-357766&#8243; sub_lead=&#8221;yes&#8221; sub_reduced=&#8221;yes&#8221; uncode_shortcode_id=&#8221;169762&#8243;]La nostra storia[\/vc_custom_heading][vc_column_text uncode_shortcode_id=&#8221;172890&#8243;]Un anno dopo la proclamazione del Regno d\u2019Italia, nel\u00a01862 nasce la ditta Pellegatta, producendo mobili su misura per i nobili milanesi che nel periodo estivo abitavano sul Lago di Como. Ben presto la qualit\u00e0 e la bellezza dei manufatti rendono famoso il nome \u201cFratelli Pellegatta\u201d e la bottega artigiana, anno dopo anno, vede crescere la clientela, consegnando i propri mobili in numerose citt\u00e0, da Milano a Torino fino alla Svizzera e la Cote^ d\u2019Azur in Francia.[\/vc_column_text][\/vc_column][\/vc_row][vc_row row_height_percent=&#8221;0&#8243; overlay_alpha=&#8221;50&#8243; gutter_size=&#8221;3&#8243; column_width_percent=&#8221;100&#8243; shift_y=&#8221;0&#8243; z_index=&#8221;0&#8243; content_parallax=&#8221;0&#8243; uncode_shortcode_id=&#8221;144655&#8243;][vc_column column_width_percent=&#8221;100&#8243; gutter_size=&#8221;3&#8243; overlay_alpha=&#8221;50&#8243; shift_x=&#8221;0&#8243; shift_y=&#8221;0&#8243; shift_y_down=&#8221;0&#8243; z_index=&#8221;0&#8243; medium_width=&#8221;0&#8243; mobile_width=&#8221;0&#8243; css_animation=&#8221;alpha-anim&#8221; width=&#8221;1\/6&#8243; uncode_shortcode_id=&#8221;158048&#8243;][vc_single_image media=&#8221;111942&#8243; media_width_percent=&#8221;100&#8243; media_ratio=&#8221;four-five&#8221; uncode_shortcode_id=&#8221;130073&#8243;][vc_custom_heading heading_semantic=&#8221;h3&#8243; text_font=&#8221;font-175345&#8243; text_size=&#8221;h4&#8243; text_weight=&#8221;400&#8243; text_height=&#8221;fontheight-357766&#8243; uncode_shortcode_id=&#8221;171258&#8243;]1862[\/vc_custom_heading][vc_column_text text_lead=&#8221;small&#8221; uncode_shortcode_id=&#8221;187372&#8243; css=&#8221;.vc_custom_1770820556733{margin-top: 0px !important;}&#8221;]Un anno dopo la proclamazione del Regno d\u2019Italia, nel 1862 nasce la ditta Pellegatta, producendo mobili su misura per i nobili milanesi che nel periodo estivo abitavano sul Lago di Como.[\/vc_column_text][\/vc_column][vc_column column_width_percent=&#8221;100&#8243; gutter_size=&#8221;3&#8243; overlay_alpha=&#8221;50&#8243; shift_x=&#8221;0&#8243; shift_y=&#8221;0&#8243; shift_y_down=&#8221;0&#8243; z_index=&#8221;0&#8243; medium_width=&#8221;0&#8243; mobile_width=&#8221;0&#8243; css_animation=&#8221;alpha-anim&#8221; animation_speed=&#8221;400&#8243; width=&#8221;1\/6&#8243; uncode_shortcode_id=&#8221;194732&#8243;][vc_single_image media=&#8221;111732&#8243; media_width_percent=&#8221;100&#8243; media_ratio=&#8221;four-five&#8221; uncode_shortcode_id=&#8221;168769&#8243;][vc_custom_heading heading_semantic=&#8221;h3&#8243; text_font=&#8221;font-175345&#8243; text_size=&#8221;h4&#8243; text_weight=&#8221;400&#8243; text_height=&#8221;fontheight-357766&#8243; uncode_shortcode_id=&#8221;720924&#8243;]1963[\/vc_custom_heading][vc_column_text text_lead=&#8221;small&#8221; uncode_shortcode_id=&#8221;349488&#8243; css=&#8221;.vc_custom_1770820662582{margin-top: 0px !important;}&#8221;]Nasce il Salone del Mobile a Milano. Pellegatta tra le prime aziende partecipanti, vetrina internazionale dell\u2019 eccellenza Made in Italy.[\/vc_column_text][\/vc_column][vc_column column_width_percent=&#8221;100&#8243; gutter_size=&#8221;3&#8243; overlay_alpha=&#8221;50&#8243; shift_x=&#8221;0&#8243; shift_y=&#8221;0&#8243; shift_y_down=&#8221;0&#8243; z_index=&#8221;0&#8243; medium_width=&#8221;0&#8243; mobile_width=&#8221;0&#8243; css_animation=&#8221;alpha-anim&#8221; animation_speed=&#8221;600&#8243; width=&#8221;1\/6&#8243; uncode_shortcode_id=&#8221;116859&#8243;][vc_single_image media=&#8221;111736&#8243; media_width_percent=&#8221;100&#8243; media_ratio=&#8221;four-five&#8221; uncode_shortcode_id=&#8221;668902&#8243;][vc_custom_heading heading_semantic=&#8221;h3&#8243; text_font=&#8221;font-175345&#8243; text_size=&#8221;h4&#8243; text_weight=&#8221;400&#8243; text_height=&#8221;fontheight-357766&#8243; uncode_shortcode_id=&#8221;194490&#8243;]1967[\/vc_custom_heading][vc_column_text text_lead=&#8221;small&#8221; uncode_shortcode_id=&#8221;199284&#8243; css=&#8221;.vc_custom_1770820713798{margin-top: 0px !important;}&#8221;]Da piccola realt\u00e0 artigianale, pioniera del mobile MODULARE e COMPONIBILE, a organizzata azienda di produzione. Nasce il logo \u201c Pellegatta\u201d.[\/vc_column_text][\/vc_column][vc_column column_width_percent=&#8221;100&#8243; gutter_size=&#8221;3&#8243; overlay_alpha=&#8221;50&#8243; shift_x=&#8221;0&#8243; shift_y=&#8221;0&#8243; shift_y_down=&#8221;0&#8243; z_index=&#8221;0&#8243; medium_width=&#8221;0&#8243; mobile_width=&#8221;0&#8243; css_animation=&#8221;alpha-anim&#8221; animation_speed=&#8221;800&#8243; width=&#8221;1\/6&#8243; uncode_shortcode_id=&#8221;127697&#8243;][vc_single_image media=&#8221;111740&#8243; media_width_percent=&#8221;100&#8243; media_ratio=&#8221;four-five&#8221; uncode_shortcode_id=&#8221;129462&#8243;][vc_custom_heading heading_semantic=&#8221;h3&#8243; text_font=&#8221;font-175345&#8243; text_size=&#8221;h4&#8243; text_weight=&#8221;400&#8243; text_height=&#8221;fontheight-357766&#8243; uncode_shortcode_id=&#8221;236410&#8243;]1980[\/vc_custom_heading][vc_column_text text_lead=&#8221;small&#8221; uncode_shortcode_id=&#8221;131768&#8243; css=&#8221;.vc_custom_1770820788282{margin-top: 0px !important;}&#8221;]Nasce \u201cPerla\u201d, un prodotto iconico dell\u2019azienda che, grazie alla sua qualit\u00e0 e al design distintivo, \u00e8 ancora oggi presente nel catalogo, rappresentando un simbolo di tradizione ed innovazione.[\/vc_column_text][\/vc_column][vc_column column_width_percent=&#8221;100&#8243; gutter_size=&#8221;3&#8243; overlay_alpha=&#8221;50&#8243; shift_x=&#8221;0&#8243; shift_y=&#8221;0&#8243; shift_y_down=&#8221;0&#8243; z_index=&#8221;0&#8243; medium_width=&#8221;0&#8243; mobile_width=&#8221;0&#8243; css_animation=&#8221;alpha-anim&#8221; animation_speed=&#8221;1000&#8243; width=&#8221;1\/6&#8243; uncode_shortcode_id=&#8221;148639&#8243;][vc_single_image media=&#8221;111744&#8243; media_width_percent=&#8221;100&#8243; media_ratio=&#8221;four-five&#8221; uncode_shortcode_id=&#8221;173505&#8243;][vc_custom_heading heading_semantic=&#8221;h3&#8243; text_font=&#8221;font-175345&#8243; text_size=&#8221;h4&#8243; text_weight=&#8221;400&#8243; text_height=&#8221;fontheight-357766&#8243; uncode_shortcode_id=&#8221;223469&#8243;]2004[\/vc_custom_heading][vc_column_text text_lead=&#8221;small&#8221; uncode_shortcode_id=&#8221;448805&#8243; css=&#8221;.vc_custom_1771509116742{margin-top: 0px !important;}&#8221;]Espansione internazionale dell\u2019Azienda che vede i mobili apprezzati in tutto il mondo[\/vc_column_text][\/vc_column][vc_column column_width_percent=&#8221;100&#8243; gutter_size=&#8221;3&#8243; overlay_alpha=&#8221;50&#8243; shift_x=&#8221;0&#8243; shift_y=&#8221;0&#8243; shift_y_down=&#8221;0&#8243; z_index=&#8221;0&#8243; medium_width=&#8221;0&#8243; mobile_width=&#8221;0&#8243; css_animation=&#8221;alpha-anim&#8221; animation_speed=&#8221;1200&#8243; width=&#8221;1\/6&#8243; uncode_shortcode_id=&#8221;147052&#8243;][vc_single_image media=&#8221;111748&#8243; media_width_percent=&#8221;100&#8243; media_ratio=&#8221;four-five&#8221; uncode_shortcode_id=&#8221;184324&#8243;][vc_custom_heading heading_semantic=&#8221;h3&#8243; text_font=&#8221;font-175345&#8243; text_size=&#8221;h4&#8243; text_weight=&#8221;400&#8243; text_height=&#8221;fontheight-357766&#8243; uncode_shortcode_id=&#8221;213662&#8243;]2019[\/vc_custom_heading][vc_column_text text_lead=&#8221;small&#8221; uncode_shortcode_id=&#8221;418728&#8243; css=&#8221;.vc_custom_1770821148353{margin-top: 0px !important;}&#8221;]Nuova sede con showroom e club house per i nostri clienti a pochi chilometri da Milano e Como.[\/vc_column_text][\/vc_column][\/vc_row][vc_row row_height_percent=&#8221;0&#8243; override_padding=&#8221;yes&#8221; h_padding=&#8221;2&#8243; top_padding=&#8221;4&#8243; bottom_padding=&#8221;4&#8243; back_color=&#8221;color-lxmt&#8221; overlay_alpha=&#8221;50&#8243; gutter_size=&#8221;3&#8243; column_width_percent=&#8221;100&#8243; shift_y=&#8221;0&#8243; z_index=&#8221;0&#8243; content_parallax=&#8221;0&#8243; uncode_shortcode_id=&#8221;134251&#8243; back_color_type=&#8221;uncode-palette&#8221; el_id=&#8221;stile&#8221;][vc_column column_width_percent=&#8221;100&#8243; gutter_size=&#8221;1&#8243; overlay_alpha=&#8221;50&#8243; shift_x=&#8221;0&#8243; shift_y=&#8221;0&#8243; shift_y_down=&#8221;0&#8243; z_index=&#8221;0&#8243; medium_width=&#8221;0&#8243; mobile_width=&#8221;0&#8243; width=&#8221;2\/3&#8243; uncode_shortcode_id=&#8221;205616&#8243;][vc_custom_heading text_color=&#8221;accent&#8221; heading_semantic=&#8221;h5&#8243; text_font=&#8221;font-613363&#8243; text_size=&#8221;fontsize-160000&#8243; text_transform=&#8221;uppercase&#8221; text_space=&#8221;fontspace-135905&#8243; uncode_shortcode_id=&#8221;150863&#8243; text_color_type=&#8221;uncode-palette&#8221;]Si pu\u00f2 parlare di \u201cstile Pellegatta\u201d[\/vc_custom_heading][vc_custom_heading heading_semantic=&#8221;h1&#8243; text_font=&#8221;font-175345&#8243; text_size=&#8221;h1&#8243; text_weight=&#8221;400&#8243; text_height=&#8221;fontheight-357766&#8243; sub_lead=&#8221;yes&#8221; sub_reduced=&#8221;yes&#8221; uncode_shortcode_id=&#8221;144144&#8243;]Lo stile Pellegatta[\/vc_custom_heading][vc_column_text uncode_shortcode_id=&#8221;154768&#8243; css=&#8221;.vc_custom_1771383699147{margin-top: 20px !important;}&#8221;]Dalla fondazione, che risale alla proclamazione del Regno d\u2019Italia, abbiamo portato <strong>lo stile classico fino ai nostri giorni<\/strong> con la qualit\u00e0, la bellezza e i migliori materiali, caratteristiche che da sempre ci identificano. Zero compromessi, la nostra passione si trasmette da generazioni e oggi garantisce soluzioni di assoluta qualit\u00e0 con servizi affidabili di altissimo profilo, dalla progettazione al montaggio. Per garantire arredi di fattura eccellente servono: esperienza, preparazione e tecnologia, ma anche amore per il nostro lavoro, cultura e tradizione: ecco perch\u00e9 siamo inimitabili.<\/p>\n<p>Da sempre siamo il miglior partner per chi deve garantire continuit\u00e0 qualitativa, dagli ambienti sofisticati e esigenti alle soluzioni domestiche.<\/p>\n<p><strong>Non solo camere e camerette \u201cper la casa\u201d<\/strong><br \/>\nDa sempre siamo riferimento anche per HOTEL e GRANDI ALBERGHI, TEATRI, MUSEI, BIBLIOTECHE e ARREDI STORICI a cui garantiamo competenza e qualit\u00e0 nelle <strong>soluzioni e servizi senza sorprese<\/strong>.<br \/>\nSostituzioni, riparazioni o interi nuovi arredi sono sfide che sappiamo affrontare con la nostra caratteristica migliore, l\u2019artigianalit\u00e0 delle nostre maestranze, tradizione lunga un secolo e mezzo di storia.[\/vc_column_text][\/vc_column][vc_column width=&#8221;1\/3&#8243;][vc_single_image media=&#8221;111766&#8243; media_width_percent=&#8221;100&#8243; uncode_shortcode_id=&#8221;954809&#8243;][vc_single_image media=&#8221;111762&#8243; media_width_percent=&#8221;100&#8243; uncode_shortcode_id=&#8221;170877&#8243;][\/vc_column][\/vc_row][vc_row row_height_percent=&#8221;0&#8243; override_padding=&#8221;yes&#8221; h_padding=&#8221;2&#8243; top_padding=&#8221;3&#8243; bottom_padding=&#8221;3&#8243; overlay_alpha=&#8221;50&#8243; equal_height=&#8221;yes&#8221; gutter_size=&#8221;4&#8243; column_width_percent=&#8221;100&#8243; shift_y=&#8221;0&#8243; z_index=&#8221;0&#8243; content_parallax=&#8221;0&#8243; uncode_shortcode_id=&#8221;172981&#8243; el_id=&#8221;perche&#8221;][vc_column column_width_percent=&#8221;100&#8243; gutter_size=&#8221;1&#8243; overlay_alpha=&#8221;50&#8243; border_color=&#8221;accent&#8221; border_style=&#8221;solid&#8221; shift_x=&#8221;0&#8243; shift_y=&#8221;0&#8243; shift_y_down=&#8221;0&#8243; z_index=&#8221;0&#8243; medium_visibility=&#8221;yes&#8221; medium_width=&#8221;0&#8243; mobile_visibility=&#8221;yes&#8221; mobile_width=&#8221;0&#8243; width=&#8221;1\/2&#8243; uncode_shortcode_id=&#8221;656792&#8243; css=&#8221;.vc_custom_1771383726950{border-left-width: 1px !important;padding-top: 20px !important;padding-right: 20px !important;padding-bottom: 20px !important;padding-left: 20px !important;}&#8221; border_color_type=&#8221;uncode-palette&#8221;][vc_custom_heading heading_semantic=&#8221;h3&#8243; text_font=&#8221;font-175345&#8243; text_size=&#8221;h3&#8243; text_weight=&#8221;400&#8243; text_height=&#8221;fontheight-357766&#8243; sub_lead=&#8221;small&#8221; sub_reduced=&#8221;yes&#8221; uncode_shortcode_id=&#8221;167484&#8243;]Perch\u00e8 Pellegatta?[\/vc_custom_heading][vc_column_text uncode_shortcode_id=&#8221;653611&#8243; css=&#8221;.vc_custom_1771383743840{margin-top: 20px !important;margin-bottom: 20px !important;}&#8221;]Ogni nostro articolo \u00e8 lavorato a mano da sapienti maestri artigiani che conferiscono un gusto unico ad ogni pezzo che viene prodotto. L\u2019elevata percentuale di lavorazioni manuali rende il mobile un \u201cpezzo unico\u201d diverso da tutti gli altri. Un mobile che, nel tempo, continuer\u00e0 a donare soddisfazioni estetiche e funzionali.<br \/>\nTornitura, intaglio, levigatura, decorazione, anticatura, fissaggio sono solo alcune delle lavorazioni per creare un mobile Pellegatta.[\/vc_column_text][vc_single_image media=&#8221;111771&#8243; media_width_percent=&#8221;100&#8243; uncode_shortcode_id=&#8221;177843&#8243;][\/vc_column][vc_column column_width_percent=&#8221;100&#8243; gutter_size=&#8221;1&#8243; overlay_alpha=&#8221;50&#8243; border_color=&#8221;accent&#8221; border_style=&#8221;solid&#8221; shift_x=&#8221;0&#8243; shift_y=&#8221;0&#8243; shift_y_down=&#8221;0&#8243; z_index=&#8221;0&#8243; medium_width=&#8221;0&#8243; mobile_width=&#8221;0&#8243; width=&#8221;1\/2&#8243; uncode_shortcode_id=&#8221;584058&#8243; css=&#8221;.vc_custom_1771383758725{border-left-width: 1px !important;padding-left: 20px !important;}&#8221; border_color_type=&#8221;uncode-palette&#8221;][vc_single_image media=&#8221;111775&#8243; media_width_percent=&#8221;100&#8243; uncode_shortcode_id=&#8221;756775&#8243;][vc_empty_space empty_h=&#8221;1&#8243;][vc_custom_heading heading_semantic=&#8221;h3&#8243; text_font=&#8221;font-175345&#8243; text_size=&#8221;h3&#8243; text_weight=&#8221;400&#8243; text_height=&#8221;fontheight-357766&#8243; sub_lead=&#8221;small&#8221; sub_reduced=&#8221;yes&#8221; uncode_shortcode_id=&#8221;122191&#8243;]Una camera davvero solo tua![\/vc_custom_heading][vc_column_text uncode_shortcode_id=&#8221;137092&#8243; css=&#8221;.vc_custom_1771383791665{margin-top: 20px !important;}&#8221;]Chi acquista una camera da letto \u00e8 alla ricerca di un sogno, di un posto speciale, un luogo di esperienze positive, un angolo di ricordi piacevoli in un\u2019atmosfera romantica. Ma la cameretta \u00e8 anche luogo in cui crescere, dove esprimere la propria creativit\u00e0 e personalit\u00e0, tra le persone a cui si vuole bene.<\/p>\n<p>I nostri maestri artigiani sono in grado di trasformare una zona notte in un\u2019esperienza da sogno, un luogo speciale dove ritrovare sentimenti e aspirazioni.[\/vc_column_text][\/vc_column][\/vc_row][vc_row row_height_percent=&#8221;0&#8243; override_padding=&#8221;yes&#8221; h_padding=&#8221;2&#8243; top_padding=&#8221;3&#8243; bottom_padding=&#8221;3&#8243; overlay_alpha=&#8221;50&#8243; equal_height=&#8221;yes&#8221; gutter_size=&#8221;4&#8243; column_width_percent=&#8221;100&#8243; shift_y=&#8221;0&#8243; z_index=&#8221;0&#8243; content_parallax=&#8221;0&#8243; uncode_shortcode_id=&#8221;441276&#8243; el_id=&#8221;materiali&#8221;][vc_column column_width_percent=&#8221;100&#8243; gutter_size=&#8221;1&#8243; overlay_alpha=&#8221;50&#8243; shift_x=&#8221;0&#8243; shift_y=&#8221;0&#8243; shift_y_down=&#8221;0&#8243; z_index=&#8221;0&#8243; medium_visibility=&#8221;yes&#8221; medium_width=&#8221;0&#8243; mobile_visibility=&#8221;yes&#8221; mobile_width=&#8221;0&#8243; width=&#8221;2\/3&#8243; uncode_shortcode_id=&#8221;138676&#8243;][vc_custom_heading text_color=&#8221;accent&#8221; heading_semantic=&#8221;h5&#8243; text_font=&#8221;font-613363&#8243; text_size=&#8221;fontsize-160000&#8243; text_transform=&#8221;uppercase&#8221; text_space=&#8221;fontspace-135905&#8243; uncode_shortcode_id=&#8221;596317&#8243; text_color_type=&#8221;uncode-palette&#8221;]Lavorazioni antiche e materiali ecologici certificati[\/vc_custom_heading][vc_custom_heading text_font=&#8221;font-175345&#8243; text_size=&#8221;fontsize-155944&#8243; text_weight=&#8221;400&#8243; text_height=&#8221;fontheight-357766&#8243; sub_lead=&#8221;small&#8221; sub_reduced=&#8221;yes&#8221; uncode_shortcode_id=&#8221;209185&#8243;]I materiali[\/vc_custom_heading][vc_column_text uncode_shortcode_id=&#8221;158612&#8243;]La tradizione del \u201cfatto a mano\u201d non ci impedisce di seguire l\u2019innovazione, per rendere tutto pi\u00f9 funzionale. I prodotti utilizzati per verniciare e decorare i nostri arredi sono esenti da metalli pesanti e sottoposti a scrupolosi controlli per garantire un luogo sano e sicuro in cui vivere. La normativa europea , all\u2019avanguardia nel mondo , \u00e9 il criterio che guida le nostre scelte di approvvigionamento e sicurezza.<\/p>\n<p>Pellegatta Mobili si impegna da anni sul tema del rispetto ambientale, sia utilizzando impianti e tecniche di lavorazione meno invasive, sia sensibilizzando fornitori e collaboratori.I legnami utilizzati provengono da foreste certificate, il cui rimboschimento viene rigidamente controllato. Per questo scegliamo solo fornitori FSC.<\/p>\n<p>Mobili che durano nel tempo garantiscono il rispetto delle risorse naturali, minacciate da un consumo, e da una produzione, \u201cusa e getta\u201d.[\/vc_column_text][\/vc_column][vc_column width=&#8221;1\/6&#8243;][vc_single_image media=&#8221;111783&#8243; media_width_percent=&#8221;100&#8243; uncode_shortcode_id=&#8221;177843&#8243;][\/vc_column][vc_column width=&#8221;1\/6&#8243;][vc_single_image media=&#8221;111779&#8243; media_width_percent=&#8221;100&#8243; alignment=&#8221;center&#8221; uncode_shortcode_id=&#8221;813377&#8243;][\/vc_column][\/vc_row]<\/p>\n<\/div>","protected":false},"excerpt":{"rendered":"<p>[vc_row row_height_percent=&#8221;0&#8243; override_padding=&#8221;yes&#8221; h_padding=&#8221;2&#8243; top_padding=&#8221;2&#8243; bottom_padding=&#8221;2&#8243; back_color=&#8221;color-xsdn&#8221; overlay_alpha=&#8221;50&#8243; gutter_size=&#8221;4&#8243; column_width_percent=&#8221;100&#8243; shift_y=&#8221;0&#8243; z_index=&#8221;0&#8243; content_parallax=&#8221;0&#8243; uncode_shortcode_id=&#8221;121413&#8243; back_color_type=&#8221;uncode-palette&#8221; el_id=&#8221;storia&#8221;][vc_column column_width_percent=&#8221;100&#8243; gutter_size=&#8221;1&#8243; overlay_alpha=&#8221;50&#8243; shift_x=&#8221;0&#8243; [&hellip;]<\/p>\n","protected":false},"author":4,"featured_media":0,"parent":0,"menu_order":0,"comment_status":"closed","ping_status":"closed","template":"","meta":{"footnotes":""},"class_list":["post-88825","page","type-page","status-publish","hentry"],"_links":{"self":[{"href":"https:\/\/mcidemo.it\/pellegatta\/wp-json\/wp\/v2\/pages\/88825","targetHints":{"allow":["GET"]}}],"collection":[{"href":"https:\/\/mcidemo.it\/pellegatta\/wp-json\/wp\/v2\/pages"}],"about":[{"href":"https:\/\/mcidemo.it\/pellegatta\/wp-json\/wp\/v2\/types\/page"}],"author":[{"embeddable":true,"href":"https:\/\/mcidemo.it\/pellegatta\/wp-json\/wp\/v2\/users\/4"}],"replies":[{"embeddable":true,"href":"https:\/\/mcidemo.it\/pellegatta\/wp-json\/wp\/v2\/comments?post=88825"}],"version-history":[{"count":76,"href":"https:\/\/mcidemo.it\/pellegatta\/wp-json\/wp\/v2\/pages\/88825\/revisions"}],"predecessor-version":[{"id":111946,"href":"https:\/\/mcidemo.it\/pellegatta\/wp-json\/wp\/v2\/pages\/88825\/revisions\/111946"}],"wp:attachment":[{"href":"https:\/\/mcidemo.it\/pellegatta\/wp-json\/wp\/v2\/media?parent=88825"}],"curies":[{"name":"wp","href":"https:\/\/api.w.org\/{rel}","templated":true}]}}