{"id":5378,"date":"2025-09-19T11:20:28","date_gmt":"2025-09-19T09:20:28","guid":{"rendered":"https:\/\/mcidemo.it\/costa\/?page_id=5378"},"modified":"2025-11-06T09:02:52","modified_gmt":"2025-11-06T08:02:52","slug":"servizi","status":"publish","type":"page","link":"https:\/\/mcidemo.it\/costa\/servizi\/","title":{"rendered":"Servizi"},"content":{"rendered":"\t\t<div data-elementor-type=\"wp-page\" data-elementor-id=\"5378\" class=\"elementor elementor-5378\" data-elementor-post-type=\"page\">\n\t\t\t\t<div class=\"elementor-element elementor-element-099c8dd e-flex e-con-boxed qodef-elementor-content-no e-con e-parent\" data-id=\"099c8dd\" data-element_type=\"container\">\n\t\t\t\t\t<div class=\"e-con-inner\">\n\t\t<div class=\"elementor-element elementor-element-c302ae0 e-con-full e-flex qodef-elementor-content-no e-con e-child\" data-id=\"c302ae0\" data-element_type=\"container\">\n\t\t<div class=\"elementor-element elementor-element-00c61ee e-con-full e-flex qodef-elementor-content-no e-con e-child\" data-id=\"00c61ee\" data-element_type=\"container\">\n\t\t\t\t<div class=\"elementor-element elementor-element-666d850 elementor-widget elementor-widget-image\" data-id=\"666d850\" data-element_type=\"widget\" data-widget_type=\"image.default\">\n\t\t\t\t\t\t\t\t\t\t\t\t\t\t\t<img fetchpriority=\"high\" decoding=\"async\" width=\"1024\" height=\"683\" src=\"https:\/\/mcidemo.it\/costa\/wp-content\/uploads\/2025\/10\/colazione-1024x683.jpg\" class=\"attachment-large size-large wp-image-5563\" alt=\"\" srcset=\"https:\/\/mcidemo.it\/costa\/wp-content\/uploads\/2025\/10\/colazione-1024x683.jpg 1024w, https:\/\/mcidemo.it\/costa\/wp-content\/uploads\/2025\/10\/colazione-300x200.jpg 300w, https:\/\/mcidemo.it\/costa\/wp-content\/uploads\/2025\/10\/colazione-768x512.jpg 768w, https:\/\/mcidemo.it\/costa\/wp-content\/uploads\/2025\/10\/colazione-1536x1024.jpg 1536w, https:\/\/mcidemo.it\/costa\/wp-content\/uploads\/2025\/10\/colazione.jpg 1920w\" sizes=\"(max-width: 1024px) 100vw, 1024px\" \/>\t\t\t\t\t\t\t\t\t\t\t\t\t\t\t<\/div>\n\t\t\t\t<\/div>\n\t\t<div class=\"elementor-element elementor-element-3f18ed3 e-con-full e-flex qodef-elementor-content-no e-con e-child\" data-id=\"3f18ed3\" data-element_type=\"container\">\n\t\t\t\t<div class=\"elementor-element elementor-element-ea9776e elementor-widget elementor-widget-heading\" data-id=\"ea9776e\" data-element_type=\"widget\" data-widget_type=\"heading.default\">\n\t\t\t\t\t<h2 class=\"elementor-heading-title elementor-size-default\">Colazione in camera<\/h2>\t\t\t\t<\/div>\n\t\t\t\t<div class=\"elementor-element elementor-element-3b7ea85 elementor-widget elementor-widget-text-editor\" data-id=\"3b7ea85\" data-element_type=\"widget\" data-widget_type=\"text-editor.default\">\n\t\t\t\t\t\t\t\t\t<p>Ogni giorno troverete la colazione <strong>direttamente in camera<\/strong> con prodotti confezionati per garantire igiene e praticit\u00e0: miele, marmellate, cialde per caff\u00e8, succhi di frutta, fette biscottate, biscotti e brioche.<\/p><p><em>N. B. non \u00e8 previsto il servizio bar.<\/em><\/p>\t\t\t\t\t\t\t\t<\/div>\n\t\t\t\t<\/div>\n\t\t\t\t<\/div>\n\t\t<div class=\"elementor-element elementor-element-2bd492d e-con-full e-flex qodef-elementor-content-no e-con e-child\" data-id=\"2bd492d\" data-element_type=\"container\">\n\t\t<div class=\"elementor-element elementor-element-f76d82f e-con-full e-flex qodef-elementor-content-no e-con e-child\" data-id=\"f76d82f\" data-element_type=\"container\">\n\t\t\t\t<div class=\"elementor-element elementor-element-23131ce elementor-widget elementor-widget-heading\" data-id=\"23131ce\" data-element_type=\"widget\" data-widget_type=\"heading.default\">\n\t\t\t\t\t<h2 class=\"elementor-heading-title elementor-size-default\">Piscina<\/h2>\t\t\t\t<\/div>\n\t\t\t\t<div class=\"elementor-element elementor-element-256711e elementor-widget elementor-widget-text-editor\" data-id=\"256711e\" data-element_type=\"widget\" data-widget_type=\"text-editor.default\">\n\t\t\t\t\t\t\t\t\t<p>Nei mesi estivi, gli ospiti possono usufruire della <strong data-start=\"604\" data-end=\"623\">piscina esterna<\/strong> della Palestra Energy Fit, anch\u2019essa <strong data-start=\"665\" data-end=\"682\">convenzionata<\/strong> con La Costa Pernottamenti. Un\u2019occasione perfetta per rilassarsi e rinfrescarsi dopo una giornata di scoperta o lavoro.<\/p>\t\t\t\t\t\t\t\t<\/div>\n\t\t\t\t<\/div>\n\t\t<div class=\"elementor-element elementor-element-2849bd7 e-con-full e-flex qodef-elementor-content-no e-con e-child\" data-id=\"2849bd7\" data-element_type=\"container\">\n\t\t\t\t<div class=\"elementor-element elementor-element-a1efa14 elementor-widget elementor-widget-image\" data-id=\"a1efa14\" data-element_type=\"widget\" data-widget_type=\"image.default\">\n\t\t\t\t\t\t\t\t\t\t\t\t\t\t\t<img decoding=\"async\" width=\"940\" height=\"627\" src=\"https:\/\/mcidemo.it\/costa\/wp-content\/uploads\/2025\/10\/piscina.jpg\" class=\"attachment-large size-large wp-image-5592\" alt=\"\" srcset=\"https:\/\/mcidemo.it\/costa\/wp-content\/uploads\/2025\/10\/piscina.jpg 940w, https:\/\/mcidemo.it\/costa\/wp-content\/uploads\/2025\/10\/piscina-300x200.jpg 300w, https:\/\/mcidemo.it\/costa\/wp-content\/uploads\/2025\/10\/piscina-768x512.jpg 768w\" sizes=\"(max-width: 940px) 100vw, 940px\" \/>\t\t\t\t\t\t\t\t\t\t\t\t\t\t\t<\/div>\n\t\t\t\t<\/div>\n\t\t\t\t<\/div>\n\t\t<div class=\"elementor-element elementor-element-f65403a e-con-full e-flex qodef-elementor-content-no e-con e-child\" data-id=\"f65403a\" data-element_type=\"container\">\n\t\t<div class=\"elementor-element elementor-element-612ab97 e-con-full e-flex qodef-elementor-content-no e-con e-child\" data-id=\"612ab97\" data-element_type=\"container\">\n\t\t\t\t<div class=\"elementor-element elementor-element-fad3a41 elementor-widget elementor-widget-image\" data-id=\"fad3a41\" data-element_type=\"widget\" data-widget_type=\"image.default\">\n\t\t\t\t\t\t\t\t\t\t\t\t\t\t\t<img decoding=\"async\" width=\"958\" height=\"639\" src=\"https:\/\/mcidemo.it\/costa\/wp-content\/uploads\/2025\/10\/paletra.jpg\" class=\"attachment-large size-large wp-image-5593\" alt=\"\" srcset=\"https:\/\/mcidemo.it\/costa\/wp-content\/uploads\/2025\/10\/paletra.jpg 958w, https:\/\/mcidemo.it\/costa\/wp-content\/uploads\/2025\/10\/paletra-300x200.jpg 300w, https:\/\/mcidemo.it\/costa\/wp-content\/uploads\/2025\/10\/paletra-768x512.jpg 768w\" sizes=\"(max-width: 958px) 100vw, 958px\" \/>\t\t\t\t\t\t\t\t\t\t\t\t\t\t\t<\/div>\n\t\t\t\t<\/div>\n\t\t<div class=\"elementor-element elementor-element-272700b e-con-full e-flex qodef-elementor-content-no e-con e-child\" data-id=\"272700b\" data-element_type=\"container\">\n\t\t\t\t<div class=\"elementor-element elementor-element-456d8f0 elementor-widget elementor-widget-heading\" data-id=\"456d8f0\" data-element_type=\"widget\" data-widget_type=\"heading.default\">\n\t\t\t\t\t<h2 class=\"elementor-heading-title elementor-size-default\">Palestra<\/h2>\t\t\t\t<\/div>\n\t\t\t\t<div class=\"elementor-element elementor-element-149cf8d elementor-widget elementor-widget-text-editor\" data-id=\"149cf8d\" data-element_type=\"widget\" data-widget_type=\"text-editor.default\">\n\t\t\t\t\t\t\t\t\t<p>All\u2019interno della stessa corte \u00e8 presente la <strong>Palestra Energy Fit<\/strong>, <strong>convenzionata<\/strong> con la nostra struttura. Gli ospiti possono accedere a impianti moderni, una sala pesi attrezzata e partecipare a diversi corsi fitness.<\/p>\t\t\t\t\t\t\t\t<\/div>\n\t\t\t\t<\/div>\n\t\t\t\t<\/div>\n\t\t<div class=\"elementor-element elementor-element-fd1eb53 e-con-full e-flex qodef-elementor-content-no e-con e-child\" data-id=\"fd1eb53\" data-element_type=\"container\">\n\t\t<div class=\"elementor-element elementor-element-6949282 e-con-full e-flex qodef-elementor-content-no e-con e-child\" data-id=\"6949282\" data-element_type=\"container\">\n\t\t\t\t<div class=\"elementor-element elementor-element-88394c0 elementor-widget elementor-widget-heading\" data-id=\"88394c0\" data-element_type=\"widget\" data-widget_type=\"heading.default\">\n\t\t\t\t\t<h2 class=\"elementor-heading-title elementor-size-default\">Parcheggio<\/h2>\t\t\t\t<\/div>\n\t\t\t\t<div class=\"elementor-element elementor-element-a4c3258 elementor-widget elementor-widget-text-editor\" data-id=\"a4c3258\" data-element_type=\"widget\" data-widget_type=\"text-editor.default\">\n\t\t\t\t\t\t\t\t\t<p>Gli ospiti dispongono di un <strong data-start=\"1162\" data-end=\"1193\">parcheggio interno gratuito<\/strong>, situato all\u2019interno della corte. L\u2019area \u00e8 <strong data-start=\"1237\" data-end=\"1269\">videosorvegliata e riservata<\/strong>, per garantire la massima tranquillit\u00e0 e sicurezza.<\/p>\t\t\t\t\t\t\t\t<\/div>\n\t\t\t\t<\/div>\n\t\t<div class=\"elementor-element elementor-element-0f741b9 e-con-full e-flex qodef-elementor-content-no e-con e-child\" data-id=\"0f741b9\" data-element_type=\"container\">\n\t\t\t\t<div class=\"elementor-element elementor-element-8c9482e elementor-widget elementor-widget-image\" data-id=\"8c9482e\" data-element_type=\"widget\" data-widget_type=\"image.default\">\n\t\t\t\t\t\t\t\t\t\t\t\t\t\t\t<img loading=\"lazy\" decoding=\"async\" width=\"1024\" height=\"682\" src=\"https:\/\/mcidemo.it\/costa\/wp-content\/uploads\/2025\/10\/parcheggio-1024x682.jpg\" class=\"attachment-large size-large wp-image-5611\" alt=\"\" srcset=\"https:\/\/mcidemo.it\/costa\/wp-content\/uploads\/2025\/10\/parcheggio-1024x682.jpg 1024w, https:\/\/mcidemo.it\/costa\/wp-content\/uploads\/2025\/10\/parcheggio-300x200.jpg 300w, https:\/\/mcidemo.it\/costa\/wp-content\/uploads\/2025\/10\/parcheggio-768x512.jpg 768w, https:\/\/mcidemo.it\/costa\/wp-content\/uploads\/2025\/10\/parcheggio.jpg 1223w\" sizes=\"(max-width: 1024px) 100vw, 1024px\" \/>\t\t\t\t\t\t\t\t\t\t\t\t\t\t\t<\/div>\n\t\t\t\t<\/div>\n\t\t\t\t<\/div>\n\t\t\t\t\t<\/div>\n\t\t\t\t<\/div>\n\t\t\t\t<\/div>\n\t\t","protected":false},"excerpt":{"rendered":"<p>Colazione in camera Ogni giorno troverete la colazione direttamente in camera con prodotti confezionati per garantire igiene e praticit\u00e0: miele, marmellate, cialde per caff\u00e8, succhi di frutta, fette biscottate, biscotti e brioche. N. B. non \u00e8 previsto il servizio bar. Piscina Nei mesi estivi, gli ospiti possono usufruire della piscina esterna della Palestra Energy Fit, [&hellip;]<\/p>\n","protected":false},"author":1,"featured_media":0,"parent":0,"menu_order":0,"comment_status":"closed","ping_status":"closed","template":"page-full-width.php","meta":{"footnotes":""},"class_list":["post-5378","page","type-page","status-publish","hentry"],"_links":{"self":[{"href":"https:\/\/mcidemo.it\/costa\/wp-json\/wp\/v2\/pages\/5378","targetHints":{"allow":["GET"]}}],"collection":[{"href":"https:\/\/mcidemo.it\/costa\/wp-json\/wp\/v2\/pages"}],"about":[{"href":"https:\/\/mcidemo.it\/costa\/wp-json\/wp\/v2\/types\/page"}],"author":[{"embeddable":true,"href":"https:\/\/mcidemo.it\/costa\/wp-json\/wp\/v2\/users\/1"}],"replies":[{"embeddable":true,"href":"https:\/\/mcidemo.it\/costa\/wp-json\/wp\/v2\/comments?post=5378"}],"version-history":[{"count":61,"href":"https:\/\/mcidemo.it\/costa\/wp-json\/wp\/v2\/pages\/5378\/revisions"}],"predecessor-version":[{"id":5776,"href":"https:\/\/mcidemo.it\/costa\/wp-json\/wp\/v2\/pages\/5378\/revisions\/5776"}],"wp:attachment":[{"href":"https:\/\/mcidemo.it\/costa\/wp-json\/wp\/v2\/media?parent=5378"}],"curies":[{"name":"wp","href":"https:\/\/api.w.org\/{rel}","templated":true}]}}